{"id":186955,"date":"2025-04-09T11:03:31","date_gmt":"2025-04-09T09:03:31","guid":{"rendered":"https:\/\/invilla.pl\/oferty-nieruchomosci\/commercial-space-for-rent-gdynia-srodmiescie-195-00-m2-in974710\/"},"modified":"2026-04-14T13:43:36","modified_gmt":"2026-04-14T11:43:36","slug":"commercial-space-for-rent-gdynia-srodmiescie-195-00-m2-in974710","status":"publish","type":"property","link":"https:\/\/invilla.pl\/en\/property-offers\/commercial-space-for-rent-gdynia-srodmiescie-195-00-m2-in974710\/","title":{"rendered":"Commercial space for rent, Gdynia \u015ar\u00f3dmie\u015bcie, 195.00 m2, IN974710"},"content":{"rendered":"<p><strong>INVILLA to nowoczesne biuro nieruchomo\u015bci premium, kt\u00f3re od lat z&nbsp;powodzeniem \u0142\u0105czy ludzi z&nbsp;wyj\u0105tkowymi miejscami &#8211; z&nbsp;pasj\u0105, profesjonalizmem i&nbsp;pe\u0142nym zaanga\u017cowaniem.<\/strong><\/p>\n<p>Oferuj\u0119 Pa\u0144stwu do <strong>wynaj\u0119cia lokal handlowo &#8211; u\u017cytkowy (192 m2)<\/strong> znajduj\u0105cy si\u0119 w&nbsp;Gdyni. Wej\u015bcie <strong>bezpo\u015brednio z&nbsp;ulicy W\u0142adys\u0142awa IV<\/strong> (vis-a-vis Centrum Handlowego Batory).\u00a0<\/p>\n<p>Lokal nale\u017cy do <strong>\u015bwietnie skomunikowanej cz\u0119\u015bci miasta<\/strong>, gdzie klienci trafi\u0105 bez problemu. Plusem jest r\u00f3wnie\u017c <strong>blisko\u015b\u0107 komunikacj<\/strong>i zar\u00f3wno linii autobusowej, trolejbusowej i&nbsp;SKM.<\/p>\n<p>Proponowana oferta jest idealnym miejscem pod gabinety lekarskie, salon kosmetyczny, fryzjerski lub si\u0142ownie. Ze wzgl\u0119du na wysoko\u015b\u0107 pomieszcze\u0144 2,8 m&nbsp;istnieje mo\u017cliwo\u015b\u0107 zaaran\u017cowania sali do nauki ta\u0144ca.<\/p>\n<p>Niew\u0105tpliwym walorem jest r\u00f3wnie\u017c fakt, \u017ce <strong>wej\u015bcie znajduje si\u0119 na parterze budynku.<\/strong><\/p>\n<p>Aktualnie nieruchomo\u015b\u0107 sk\u0142ada si\u0119 z&nbsp;wielu pomieszcze\u0144, poniewa\u017c znajduje si\u0119 tam sklep z&nbsp;u\u017cywan\u0105 odzie\u017c\u0105. <\/p>\n<p>Koszt najmu to 13.500 z\u0142 netto, kaucja dwumiesi\u0119czna i&nbsp;czynsz.<\/p>\n<p>Istnieje mo\u017cliwo\u015b\u0107 aran\u017cacji w\u0142asnej lokalu, dlatego <strong>w\u0142a\u015bciciel przewidzia\u0142 wakacje czynszowe.<\/strong><\/p>\n<p>W s\u0105siedztwie wiele budynk\u00f3w mieszkalnych, przychodnia lekarska, sklepy spo\u017cywcze, restauracje i&nbsp;tereny spacerowe.<\/p>\n<p><strong>Preferowany najem d\u0142ugoterminowy<\/strong>. Lokal dost\u0119pny od 01.03.2026 roku.<\/p>\n<p>W s\u0105siedztwie s\u0105 2&nbsp;parkingi podziemne, gdzie jest mo\u017cliwo\u015b\u0107 parkowania samochodu przez godzin\u0119 za darmo.<\/p>\n<p><strong>Na prze\u0142omie kwietnia\/maja 2026 w&nbsp;lokalu zostanie wymieniona ca\u0142a witryna i&nbsp;dziwi wej\u015bciowe!<\/strong><\/p>\n<p>Zapraszam serdecznie na prezentacje!<br \/>Monika G\u00f3rska<br \/>INVILLA Nieruchomo\u015bci<\/p>\n<p><em>Niniejsze og\u0142oszenie nie stanowi oferty handlowej w&nbsp;rozumieniu art. 66 \u00a71 Kodeksu cywilnego i&nbsp;ma charakter wy\u0142\u0105cznie informacyjny. Wszelkie dane dotycz\u0105ce nieruchomo\u015bci uzyskano na podstawie o\u015bwiadcze\u0144 w\u0142a\u015bciciela. Prezentacja nieruchomo\u015bci odbywa si\u0119 na podstawie uprzedniego uzgodnienia terminu.<\/em><\/p>\n","protected":false},"author":2,"featured_media":203496,"parent":0,"menu_order":0,"template":"","property_status":[27],"property_market":[19],"property_type":[31],"property_transaction":[21],"location":[43,41,42],"class_list":["post-186955","property","type-property","status-publish","has-post-thumbnail","hentry"],"acf":[],"_links":{"self":[{"href":"https:\/\/invilla.pl\/en\/wp-json\/wp\/v2\/property\/186955","targetHints":{"allow":["GET"]}}],"collection":[{"href":"https:\/\/invilla.pl\/en\/wp-json\/wp\/v2\/property"}],"about":[{"href":"https:\/\/invilla.pl\/en\/wp-json\/wp\/v2\/types\/property"}],"author":[{"embeddable":true,"href":"https:\/\/invilla.pl\/en\/wp-json\/wp\/v2\/users\/2"}],"wp:featuredmedia":[{"embeddable":true,"href":"https:\/\/invilla.pl\/en\/wp-json\/wp\/v2\/media\/203496"}],"wp:attachment":[{"href":"https:\/\/invilla.pl\/en\/wp-json\/wp\/v2\/media?parent=186955"}],"wp:term":[{"taxonomy":"property_status","embeddable":true,"href":"https:\/\/invilla.pl\/en\/wp-json\/wp\/v2\/property_status?post=186955"},{"taxonomy":"property_market","embeddable":true,"href":"https:\/\/invilla.pl\/en\/wp-json\/wp\/v2\/property_market?post=186955"},{"taxonomy":"property_type","embeddable":true,"href":"https:\/\/invilla.pl\/en\/wp-json\/wp\/v2\/property_type?post=186955"},{"taxonomy":"property_transaction","embeddable":true,"href":"https:\/\/invilla.pl\/en\/wp-json\/wp\/v2\/property_transaction?post=186955"},{"taxonomy":"location","embeddable":true,"href":"https:\/\/invilla.pl\/en\/wp-json\/wp\/v2\/location?post=186955"}],"curies":[{"name":"wp","href":"https:\/\/api.w.org\/{rel}","templated":true}]}}

Commercial space for rent, Gdynia Śródmieście, 195.00 m2, IN974710

<p><strong>INVILLA to nowoczesne biuro nieruchomości premium, które od lat z&nbsp;powodzeniem łączy ludzi z&nbsp;wyjątkowymi miejscami &#8211; z&nbsp;pasją, profesjonalizmem i&nbsp;pełnym zaangażowaniem.</strong></p>
<p>Oferuję Państwu do <strong>wynajęcia lokal handlowo &#8211; użytkowy (192 m2)</strong> znajdujący się w&nbsp;Gdyni. Wejście <strong>bezpośrednio z&nbsp;ulicy Władysława IV</strong> (vis-a-vis Centrum Handlowego Batory). </p>
<p>Lokal należy do <strong>świetnie skomunikowanej części miasta</strong>, gdzie klienci trafią bez problemu. Plusem jest również <strong>bliskość komunikacj</strong>i zarówno linii autobusowej, trolejbusowej i&nbsp;SKM.</p>
<p>Proponowana oferta jest idealnym miejscem pod gabinety lekarskie, salon kosmetyczny, fryzjerski lub siłownie. Ze względu na wysokość pomieszczeń 2,8 m&nbsp;istnieje możliwość zaaranżowania sali do nauki tańca.</p>
<p>Niewątpliwym walorem jest również fakt, że <strong>wejście znajduje się na parterze budynku.</strong></p>
<p>Aktualnie nieruchomość składa się z&nbsp;wielu pomieszczeń, ponieważ znajduje się tam sklep z&nbsp;używaną odzieżą. </p>
<p>Koszt najmu to 13.500 zł netto, kaucja dwumiesięczna i&nbsp;czynsz.</p>
<p>Istnieje możliwość aranżacji własnej lokalu, dlatego <strong>właściciel przewidział wakacje czynszowe.</strong></p>
<p>W sąsiedztwie wiele budynków mieszkalnych, przychodnia lekarska, sklepy spożywcze, restauracje i&nbsp;tereny spacerowe.</p>
<p><strong>Preferowany najem długoterminowy</strong>. Lokal dostępny od 01.03.2026 roku.</p>
<p>W sąsiedztwie są 2&nbsp;parkingi podziemne, gdzie jest możliwość parkowania samochodu przez godzinę za darmo.</p>
<p><strong>Na przełomie kwietnia/maja 2026 w&nbsp;lokalu zostanie wymieniona cała witryna i&nbsp;dziwi wejściowe!</strong></p>
<p>Zapraszam serdecznie na prezentacje!<br />Monika Górska<br />INVILLA Nieruchomości</p>
<p><em>Niniejsze ogłoszenie nie stanowi oferty handlowej w&nbsp;rozumieniu art. 66 §1 Kodeksu cywilnego i&nbsp;ma charakter wyłącznie informacyjny. Wszelkie dane dotyczące nieruchomości uzyskano na podstawie oświadczeń właściciela. Prezentacja nieruchomości odbywa się na podstawie uprzedniego uzgodnienia terminu.</em></p>
