{"id":208453,"date":"2025-09-11T22:43:08","date_gmt":"2025-09-11T20:43:08","guid":{"rendered":"https:\/\/invilla.pl\/oferty-nieruchomosci\/commercial-space-for-rent-gdynia-srodmiescie-138-18-m2-in964509\/"},"modified":"2026-04-28T04:43:50","modified_gmt":"2026-04-28T02:43:50","slug":"commercial-space-for-rent-gdynia-srodmiescie-138-18-m2-in964509","status":"publish","type":"property","link":"https:\/\/invilla.pl\/en\/property-offers\/commercial-space-for-rent-gdynia-srodmiescie-138-18-m2-in964509\/","title":{"rendered":"Commercial space for rent, Gdynia \u015ar\u00f3dmie\u015bcie, 138.18 m2, IN964509"},"content":{"rendered":"<p><strong>INVILLA to nowoczesne biuro nieruchomo\u015bci premium, kt\u00f3re od lat z&nbsp;powodzeniem \u0142\u0105czy ludzi z&nbsp;wyj\u0105tkowymi miejscami &#8211; z&nbsp;pasj\u0105, profesjonalizmem i&nbsp;pe\u0142nym zaanga\u017cowaniem.<\/strong><\/p>\n<p>Lokal u\u017cytkowy z&nbsp;wej\u015bciem od mariny &#8211; <strong>YACHT PARK<\/strong>.<\/p>\n<p>Do wynaj\u0119cia unikatowy lokal handlowo-us\u0142ugowy, po\u0142o\u017cony w&nbsp;presti\u017cowej lokalizacji gdy\u0144skiego \u015ar\u00f3dmie\u015bcia, przy ulicy Arkadiusza Rybickiego w&nbsp;inwestycji Yacht Park, w&nbsp;s\u0105siedztwie Skweru Ko\u015bciuszki i&nbsp;Sea Towers, blisko centrum Gdyni i&nbsp;pe\u0142nej infrastruktury miejskiej.<\/p>\n<p>Znajduj\u0105ce si\u0119 pomi\u0119dzy budynkami og\u00f3lnodost\u0119pne tereny zielone, \u0142aweczki i&nbsp;promenada przy marinie sprawiaj\u0105, \u017ce jest to miejsce ch\u0119tnie odwiedzane przez mieszka\u0144c\u00f3w i&nbsp;turyst\u00f3w.<\/p>\n<p>Lokal mie\u015bci si\u0119 na parterze czteropi\u0119trowego nowoczesnego budynku z&nbsp;widokiem i&nbsp;wej\u015bciem od strony mariny. Du\u017ce przeszklenia sprawiaj\u0105, \u017ce jest dobrze do\u015bwietlony, a&nbsp;z&nbsp;okien roztacza si\u0119 pi\u0119kny widok. <\/p>\n<p>Lokal jest w&nbsp;stanie deweloperskim, o&nbsp;powierzchni ca\u0142kowitej <strong>138,18 m2<\/strong>, z&nbsp;prowizorycznym WC na czas wyko\u0144czenia lokalu &#8211; do aran\u017cacji zgodnie z&nbsp;potrzebami Najemcy. Przystosowany jest do dzia\u0142alno\u015bci us\u0142ugowej, w&nbsp;tym gastronomicznej. Przed lokalem mo\u017cliwo\u015b\u0107 wystawienia stoliczk\u00f3w w&nbsp;sezonie wiosenno &#8211; letnim.<\/p>\n<p>W ofercie posiadam jeszcze lokal o&nbsp;pow. ok. 53 m2 w&nbsp;tym samym budynku.\u00a0 W&nbsp;przypadku wynaj\u0119cia dw\u00f3ch lokali cena wynajmu do atrakcyjnej negocjacji.\u00a0<\/p>\n<p>Warunki najmu:<br \/>\u2022 minimalny okres &#8211; 24 miesi\u0105ce,<br \/>\u2022 wymagana kaucja zwrotna &#8211; dwukrotno\u015b\u0107 czynszu najmu,<br \/>\u2022 czynsz najmu &#8211; 13 000 z\u0142 \/&nbsp;miesi\u0105c netto +&nbsp;23% podatku VAT,<br \/>\u2022 wysoko\u015b\u0107 op\u0142at eksploatacyjnych &#8211; ok. 1&nbsp;500 z\u0142 \/&nbsp;m-c,\u00a0<br \/>\u2022 dodatkowo op\u0142aty za media wg zu\u017cycia.\u00a0<\/p>\n<p>Zapraszam serdecznie na prezentacj\u0119!<\/p>\n<p><em>Niniejsze og\u0142oszenie nie stanowi oferty handlowej w&nbsp;rozumieniu art. 66 \u00a71 Kodeksu cywilnego i&nbsp;ma charakter wy\u0142\u0105cznie informacyjny. Wszelkie dane dotycz\u0105ce nieruchomo\u015bci uzyskano na podstawie o\u015bwiadcze\u0144 w\u0142a\u015bciciela. Prezentacja nieruchomo\u015bci odbywa si\u0119 na podstawie uprzedniego uzgodnienia terminu.<\/em><\/p>\n","protected":false},"author":2,"featured_media":208432,"parent":0,"menu_order":0,"template":"","property_status":[27],"property_market":[19],"property_type":[31],"property_transaction":[21],"location":[43,41,42],"class_list":["post-208453","property","type-property","status-publish","has-post-thumbnail","hentry"],"acf":[],"_links":{"self":[{"href":"https:\/\/invilla.pl\/en\/wp-json\/wp\/v2\/property\/208453","targetHints":{"allow":["GET"]}}],"collection":[{"href":"https:\/\/invilla.pl\/en\/wp-json\/wp\/v2\/property"}],"about":[{"href":"https:\/\/invilla.pl\/en\/wp-json\/wp\/v2\/types\/property"}],"author":[{"embeddable":true,"href":"https:\/\/invilla.pl\/en\/wp-json\/wp\/v2\/users\/2"}],"wp:featuredmedia":[{"embeddable":true,"href":"https:\/\/invilla.pl\/en\/wp-json\/wp\/v2\/media\/208432"}],"wp:attachment":[{"href":"https:\/\/invilla.pl\/en\/wp-json\/wp\/v2\/media?parent=208453"}],"wp:term":[{"taxonomy":"property_status","embeddable":true,"href":"https:\/\/invilla.pl\/en\/wp-json\/wp\/v2\/property_status?post=208453"},{"taxonomy":"property_market","embeddable":true,"href":"https:\/\/invilla.pl\/en\/wp-json\/wp\/v2\/property_market?post=208453"},{"taxonomy":"property_type","embeddable":true,"href":"https:\/\/invilla.pl\/en\/wp-json\/wp\/v2\/property_type?post=208453"},{"taxonomy":"property_transaction","embeddable":true,"href":"https:\/\/invilla.pl\/en\/wp-json\/wp\/v2\/property_transaction?post=208453"},{"taxonomy":"location","embeddable":true,"href":"https:\/\/invilla.pl\/en\/wp-json\/wp\/v2\/location?post=208453"}],"curies":[{"name":"wp","href":"https:\/\/api.w.org\/{rel}","templated":true}]}}

Commercial space for rent, Gdynia Śródmieście, 138.18 m2, IN964509

<p><strong>INVILLA to nowoczesne biuro nieruchomości premium, które od lat z&nbsp;powodzeniem łączy ludzi z&nbsp;wyjątkowymi miejscami &#8211; z&nbsp;pasją, profesjonalizmem i&nbsp;pełnym zaangażowaniem.</strong></p>
<p>Lokal użytkowy z&nbsp;wejściem od mariny &#8211; <strong>YACHT PARK</strong>.</p>
<p>Do wynajęcia unikatowy lokal handlowo-usługowy, położony w&nbsp;prestiżowej lokalizacji gdyńskiego Śródmieścia, przy ulicy Arkadiusza Rybickiego w&nbsp;inwestycji Yacht Park, w&nbsp;sąsiedztwie Skweru Kościuszki i&nbsp;Sea Towers, blisko centrum Gdyni i&nbsp;pełnej infrastruktury miejskiej.</p>
<p>Znajdujące się pomiędzy budynkami ogólnodostępne tereny zielone, ławeczki i&nbsp;promenada przy marinie sprawiają, że jest to miejsce chętnie odwiedzane przez mieszkańców i&nbsp;turystów.</p>
<p>Lokal mieści się na parterze czteropiętrowego nowoczesnego budynku z&nbsp;widokiem i&nbsp;wejściem od strony mariny. Duże przeszklenia sprawiają, że jest dobrze doświetlony, a&nbsp;z&nbsp;okien roztacza się piękny widok. </p>
<p>Lokal jest w&nbsp;stanie deweloperskim, o&nbsp;powierzchni całkowitej <strong>138,18 m2</strong>, z&nbsp;prowizorycznym WC na czas wykończenia lokalu &#8211; do aranżacji zgodnie z&nbsp;potrzebami Najemcy. Przystosowany jest do działalności usługowej, w&nbsp;tym gastronomicznej. Przed lokalem możliwość wystawienia stoliczków w&nbsp;sezonie wiosenno &#8211; letnim.</p>
<p>W ofercie posiadam jeszcze lokal o&nbsp;pow. ok. 53 m2 w&nbsp;tym samym budynku.  W&nbsp;przypadku wynajęcia dwóch lokali cena wynajmu do atrakcyjnej negocjacji. </p>
<p>Warunki najmu:<br />• minimalny okres &#8211; 24 miesiące,<br />• wymagana kaucja zwrotna &#8211; dwukrotność czynszu najmu,<br />• czynsz najmu &#8211; 13 000 zł /&nbsp;miesiąc netto +&nbsp;23% podatku VAT,<br />• wysokość opłat eksploatacyjnych &#8211; ok. 1&nbsp;500 zł /&nbsp;m-c, <br />• dodatkowo opłaty za media wg zużycia. </p>
<p>Zapraszam serdecznie na prezentację!</p>
<p><em>Niniejsze ogłoszenie nie stanowi oferty handlowej w&nbsp;rozumieniu art. 66 §1 Kodeksu cywilnego i&nbsp;ma charakter wyłącznie informacyjny. Wszelkie dane dotyczące nieruchomości uzyskano na podstawie oświadczeń właściciela. Prezentacja nieruchomości odbywa się na podstawie uprzedniego uzgodnienia terminu.</em></p>
