{"id":214735,"date":"2025-11-07T22:03:14","date_gmt":"2025-11-07T21:03:14","guid":{"rendered":"https:\/\/invilla.pl\/oferty-nieruchomosci\/apartment-for-sale-krakow-srodmiescie-38-93-m2-in635307\/"},"modified":"2026-04-13T13:03:19","modified_gmt":"2026-04-13T11:03:19","slug":"apartment-for-sale-krakow-srodmiescie-38-93-m2-in635307","status":"publish","type":"property","link":"https:\/\/invilla.pl\/en\/property-offers\/apartment-for-sale-krakow-srodmiescie-38-93-m2-in635307\/","title":{"rendered":"Apartment for sale, Krak\u00f3w \u015ar\u00f3dmie\u015bcie, 38.93 m2, IN635307"},"content":{"rendered":"<p><strong>INVILLA to nowoczesne biuro nieruchomo\u015bci premium, kt\u00f3re od lat z&nbsp;powodzeniem \u0142\u0105czy ludzi z&nbsp;wyj\u0105tkowymi miejscami &#8211; z&nbsp;pasj\u0105, profesjonalizmem i&nbsp;pe\u0142nym zaanga\u017cowaniem.<\/strong><\/p>\n<p><strong>Elegancko i&nbsp;nowocze\u015bnie wyko\u0144czone mieszkanie przy Alei Pokoju.<\/strong><\/p>\n<p>Zapraszamy do zapoznania si\u0119 z&nbsp;wyj\u0105tkow\u0105 ofert\u0105 sprzeda\u017cy nowoczesnego i&nbsp;starannie wyko\u0144czonego mieszkania o&nbsp;powierzchni 39 m\u00b2 w&nbsp;dzielnicy Grzeg\u00f3rzki.<\/p>\n<p><strong>Wn\u0119trze i&nbsp;rozk\u0142ad:<\/strong><\/p>\n<ul>\n<li>Salon z&nbsp;aneksem kuchennym &#8211; jasna, funkcjonalna przestrze\u0144 dzienna z&nbsp;nowoczesn\u0105 zabudow\u0105 wykonan\u0105 na wymiar i&nbsp;pe\u0142nym wyposa\u017ceniem AGD (Samsung, Electrolux, Whirlpool, Hoover). Dodatkowo sofa rozk\u0142adana z&nbsp;pojemnikiem na po\u015bciel &#8211; idealna do spania dla go\u015bci lub relaksu. Szafka pod telewizor i&nbsp;TV w&nbsp;salonie.\u00a0Subtelna strefa biurowa idealna do pracy zdalnej.\u00a0<\/li>\n<li>Sypialnia &#8211; przytulna, z&nbsp;du\u017cym \u0142\u00f3\u017ckiem i&nbsp;pojemnymi szafami w&nbsp;zabudowie.<\/li>\n<li>\u0141azienka &#8211; elegancka i&nbsp;nowoczesna, z&nbsp;prysznicem typu walk-in i&nbsp;wysokiej jako\u015bci armatur\u0105.<\/li>\n<li>Przedpok\u00f3j &#8211;\u00a0luksusowa zabudowa na wymiar, z&nbsp;pojemnymi szafami oraz g\u00f3rnymi modu\u0142ami zabudowy si\u0119gaj\u0105cymi sufitu,\u00a0zapewniaj\u0105ca maksymaln\u0105 przestrze\u0144 do przechowywania i&nbsp;sp\u00f3jny design.<\/li>\n<\/ul>\n<p><strong>Mieszkanie sprzedawane jest w&nbsp;pe\u0142ni wyposa\u017cone i&nbsp;gotowe do zamieszkania, co czyni je r\u00f3wnie\u017c idealn\u0105 inwestycj\u0105 pod wynajem kr\u00f3tko- lub d\u0142ugoterminowy.<br \/><\/strong><br \/><strong>Standard:<\/strong><br \/><strong>Po gruntownym remoncie<\/strong>: wymienione instalacje (elektryczna, wodno-kanalizacyjna, gazowa), grzejniki, pod\u0142ogi, drzwi. Ogrzewanie oraz ciep\u0142a woda z&nbsp;sieci miejskiej, co gwarantuje bezpiecze\u0144stwo i&nbsp;niskie koszty eksploatacji. Meble i&nbsp;kuchnia wykonane na zam\u00f3wienie wed\u0142ug projektu wn\u0119trzarskiego, z&nbsp;dba\u0142o\u015bci\u0105 o&nbsp;detale i&nbsp;ergonomiczne wykorzystanie przestrzeni.<\/p>\n<p><strong>Dodatkowe atuty:<\/strong><\/p>\n<ul>\n<li>parking osiedlowy z&nbsp;identyfikatorem,<\/li>\n<li>niski czynsz (450 z\u0142),<\/li>\n<li>piwnica,<\/li>\n<li>pe\u0142na w\u0142asno\u015b\u0107 z&nbsp;uregulowanym stanem prawnym.<\/li>\n<\/ul>\n<p><strong>Lokalizacja:<\/strong><br \/>Spokojna, zielona okolica z&nbsp;pe\u0142n\u0105 infrastruktur\u0105 i&nbsp;\u015bwietn\u0105 komunikacj\u0105 &#8211; kilka krok\u00f3w do przystank\u00f3w tramwajowych i&nbsp;autobusowych (linie 1, 3, 5, 11, 14, 22, 50, 62, 72).<\/p>\n<p>W s\u0105siedztwie znajduj\u0105 si\u0119 sklepy, restauracje, szko\u0142a, przedszkole, przychodnia, Park Lotnik\u00f3w, Tauron Arena i&nbsp;Bulwary Wi\u015blane &#8211; wszystko, co potrzebne do wygodnego \u017cycia.<\/p>\n<p><strong>Nie przegap tej wyj\u0105tkowej okazji!<\/strong><br \/>Zapraszam do kontaktu i&nbsp;do um\u00f3wienia si\u0119 na prezentacj\u0119.<\/p>\n<p><em>Niniejsze og\u0142oszenie nie stanowi oferty handlowej w&nbsp;rozumieniu art. 66 \u00a71 Kodeksu cywilnego i&nbsp;ma charakter wy\u0142\u0105cznie informacyjny. Wszelkie dane dotycz\u0105ce nieruchomo\u015bci uzyskano na podstawie o\u015bwiadcze\u0144 w\u0142a\u015bciciela. Prezentacja nieruchomo\u015bci odbywa si\u0119 na podstawie uprzedniego uzgodnienia terminu.<\/em><\/p>\n","protected":false},"author":2,"featured_media":214712,"parent":0,"menu_order":0,"template":"","property_status":[40],"property_market":[19],"property_type":[36],"property_transaction":[25],"location":[61,60,41],"class_list":["post-214735","property","type-property","status-publish","has-post-thumbnail","hentry"],"acf":[],"_links":{"self":[{"href":"https:\/\/invilla.pl\/en\/wp-json\/wp\/v2\/property\/214735","targetHints":{"allow":["GET"]}}],"collection":[{"href":"https:\/\/invilla.pl\/en\/wp-json\/wp\/v2\/property"}],"about":[{"href":"https:\/\/invilla.pl\/en\/wp-json\/wp\/v2\/types\/property"}],"author":[{"embeddable":true,"href":"https:\/\/invilla.pl\/en\/wp-json\/wp\/v2\/users\/2"}],"wp:featuredmedia":[{"embeddable":true,"href":"https:\/\/invilla.pl\/en\/wp-json\/wp\/v2\/media\/214712"}],"wp:attachment":[{"href":"https:\/\/invilla.pl\/en\/wp-json\/wp\/v2\/media?parent=214735"}],"wp:term":[{"taxonomy":"property_status","embeddable":true,"href":"https:\/\/invilla.pl\/en\/wp-json\/wp\/v2\/property_status?post=214735"},{"taxonomy":"property_market","embeddable":true,"href":"https:\/\/invilla.pl\/en\/wp-json\/wp\/v2\/property_market?post=214735"},{"taxonomy":"property_type","embeddable":true,"href":"https:\/\/invilla.pl\/en\/wp-json\/wp\/v2\/property_type?post=214735"},{"taxonomy":"property_transaction","embeddable":true,"href":"https:\/\/invilla.pl\/en\/wp-json\/wp\/v2\/property_transaction?post=214735"},{"taxonomy":"location","embeddable":true,"href":"https:\/\/invilla.pl\/en\/wp-json\/wp\/v2\/location?post=214735"}],"curies":[{"name":"wp","href":"https:\/\/api.w.org\/{rel}","templated":true}]}}

Apartment for sale, Kraków Śródmieście, 38.93 m2, IN635307

<p><strong>INVILLA to nowoczesne biuro nieruchomości premium, które od lat z&nbsp;powodzeniem łączy ludzi z&nbsp;wyjątkowymi miejscami &#8211; z&nbsp;pasją, profesjonalizmem i&nbsp;pełnym zaangażowaniem.</strong></p>
<p><strong>Elegancko i&nbsp;nowocześnie wykończone mieszkanie przy Alei Pokoju.</strong></p>
<p>Zapraszamy do zapoznania się z&nbsp;wyjątkową ofertą sprzedaży nowoczesnego i&nbsp;starannie wykończonego mieszkania o&nbsp;powierzchni 39 m² w&nbsp;dzielnicy Grzegórzki.</p>
<p><strong>Wnętrze i&nbsp;rozkład:</strong></p>
<ul>
<li>Salon z&nbsp;aneksem kuchennym &#8211; jasna, funkcjonalna przestrzeń dzienna z&nbsp;nowoczesną zabudową wykonaną na wymiar i&nbsp;pełnym wyposażeniem AGD (Samsung, Electrolux, Whirlpool, Hoover). Dodatkowo sofa rozkładana z&nbsp;pojemnikiem na pościel &#8211; idealna do spania dla gości lub relaksu. Szafka pod telewizor i&nbsp;TV w&nbsp;salonie. Subtelna strefa biurowa idealna do pracy zdalnej. </li>
<li>Sypialnia &#8211; przytulna, z&nbsp;dużym łóżkiem i&nbsp;pojemnymi szafami w&nbsp;zabudowie.</li>
<li>Łazienka &#8211; elegancka i&nbsp;nowoczesna, z&nbsp;prysznicem typu walk-in i&nbsp;wysokiej jakości armaturą.</li>
<li>Przedpokój &#8211; luksusowa zabudowa na wymiar, z&nbsp;pojemnymi szafami oraz górnymi modułami zabudowy sięgającymi sufitu, zapewniająca maksymalną przestrzeń do przechowywania i&nbsp;spójny design.</li>
</ul>
<p><strong>Mieszkanie sprzedawane jest w&nbsp;pełni wyposażone i&nbsp;gotowe do zamieszkania, co czyni je również idealną inwestycją pod wynajem krótko- lub długoterminowy.<br /></strong><br /><strong>Standard:</strong><br /><strong>Po gruntownym remoncie</strong>: wymienione instalacje (elektryczna, wodno-kanalizacyjna, gazowa), grzejniki, podłogi, drzwi. Ogrzewanie oraz ciepła woda z&nbsp;sieci miejskiej, co gwarantuje bezpieczeństwo i&nbsp;niskie koszty eksploatacji. Meble i&nbsp;kuchnia wykonane na zamówienie według projektu wnętrzarskiego, z&nbsp;dbałością o&nbsp;detale i&nbsp;ergonomiczne wykorzystanie przestrzeni.</p>
<p><strong>Dodatkowe atuty:</strong></p>
<ul>
<li>parking osiedlowy z&nbsp;identyfikatorem,</li>
<li>niski czynsz (450 zł),</li>
<li>piwnica,</li>
<li>pełna własność z&nbsp;uregulowanym stanem prawnym.</li>
</ul>
<p><strong>Lokalizacja:</strong><br />Spokojna, zielona okolica z&nbsp;pełną infrastrukturą i&nbsp;świetną komunikacją &#8211; kilka kroków do przystanków tramwajowych i&nbsp;autobusowych (linie 1, 3, 5, 11, 14, 22, 50, 62, 72).</p>
<p>W sąsiedztwie znajdują się sklepy, restauracje, szkoła, przedszkole, przychodnia, Park Lotników, Tauron Arena i&nbsp;Bulwary Wiślane &#8211; wszystko, co potrzebne do wygodnego życia.</p>
<p><strong>Nie przegap tej wyjątkowej okazji!</strong><br />Zapraszam do kontaktu i&nbsp;do umówienia się na prezentację.</p>
<p><em>Niniejsze ogłoszenie nie stanowi oferty handlowej w&nbsp;rozumieniu art. 66 §1 Kodeksu cywilnego i&nbsp;ma charakter wyłącznie informacyjny. Wszelkie dane dotyczące nieruchomości uzyskano na podstawie oświadczeń właściciela. Prezentacja nieruchomości odbywa się na podstawie uprzedniego uzgodnienia terminu.</em></p>
