{"id":221835,"date":"2026-01-09T13:43:34","date_gmt":"2026-01-09T12:43:34","guid":{"rendered":"https:\/\/invilla.pl\/oferty-nieruchomosci\/apartment-for-sale-gdynia-srodmiescie-106-30-m2-in252127\/"},"modified":"2026-02-02T14:03:45","modified_gmt":"2026-02-02T13:03:45","slug":"apartment-for-sale-gdynia-srodmiescie-106-30-m2-in252127","status":"publish","type":"property","link":"https:\/\/invilla.pl\/en\/property-offers\/apartment-for-sale-gdynia-srodmiescie-106-30-m2-in252127\/","title":{"rendered":"Apartment for sale, Gdynia \u015ar\u00f3dmie\u015bcie, 106.30 m2, IN252127"},"content":{"rendered":"<p><strong>INVILLA to nowoczesne biuro nieruchomo\u015bci premium, kt\u00f3re od lat z&nbsp;powodzeniem \u0142\u0105czy ludzi z&nbsp;wyj\u0105tkowymi miejscami &#8211; z&nbsp;pasj\u0105, profesjonalizmem i&nbsp;pe\u0142nym zaanga\u017cowaniem.<\/strong><\/p>\n<p><strong>SEA TOWERS |&nbsp;DWUPOZIOMOWY APARTAMENT NA OSTATNICH PI\u0118TRACH |&nbsp;PANORAMA NA ZATKO\u0118<\/strong><\/p>\n<p>Na sprzeda\u017c unikatowy, dwupoziomowy apartament klasy premium <strong>z panoramicznym widokiem na zatok\u0119.<\/strong> Po\u0142o\u017cony w&nbsp;jednej z&nbsp;najbardziej presti\u017cowych lokalizacji w&nbsp;Polsce &#8211; Sea Towers w&nbsp;Gdyni, wie\u017ca B, 23. pi\u0119tro (27-28 kondygnacja &#8211; ostatnia).<\/p>\n<p>To propozycja dla os\u00f3b poszukuj\u0105cych absolutnej wyj\u0105tkowo\u015bci, prywatno\u015bci i&nbsp;spektakularnych widok\u00f3w, kt\u00f3rych nie da si\u0119 por\u00f3wna\u0107 z&nbsp;\u017cadn\u0105 inn\u0105 nieruchomo\u015bci\u0105 w&nbsp;Tr\u00f3jmie\u015bcie.<\/p>\n<p>PARAMETRY APARTAMENTU<br \/>powierzchnia u\u017cytkowa: <strong>106,30 m\u00b2<\/strong><br \/>taras z&nbsp;panoramicznym widokiem: <strong>22 m\u00b2<\/strong><br \/>pi\u0119tro: ostatnie &#8211; brak s\u0105siad\u00f3w nad apartamentem<br \/>ekspozycja wschodnia z&nbsp;bezpo\u015brednim widokiem na morze<br \/>miejsce postojowe w&nbsp;hali gara\u017cowej<\/p>\n<p>ROZK\u0141AD POMIESZCZE\u0143<br \/>Poziom I:<br \/>&#8211; przestronny salon z&nbsp;bezpo\u015brednim wyj\u015bciem na taras,<br \/>&#8211; kuchnia,<br \/>&#8211; \u0142azienka,<br \/>&#8211; pralnia,<br \/>&#8211; schowek pod schodami.<\/p>\n<p>Poziom II:<br \/>dwie sypialnie:<br \/>&#8211; sypialnia z&nbsp;jacuzzi i&nbsp;widokiem na zatok\u0119,<br \/>&#8211; sypialnia z&nbsp;efektownym fragmentem szklanej pod\u0142ogi i&nbsp;widokiem na zatok\u0119,<br \/>&#8211; \u0142azienka.<\/p>\n<p>WIDOK, KT\u00d3RY ROBI WRA\u017bENIE<br \/>Panoramiczny widok na otwarte morze oraz port, jest widoczny niemal z&nbsp;ka\u017cdego pomieszczenia. To jeden z&nbsp;tych apartament\u00f3w, w&nbsp;kt\u00f3rych widok staje si\u0119 integraln\u0105 cz\u0119\u015bci\u0105 wn\u0119trza i&nbsp;codziennego komfortu \u017cycia.<\/p>\n<p>DODATKOWE INFORMACJE<br \/>do apartamentu przynale\u017cy miejsce postojowe w&nbsp;podziemnej hali gara\u017cowej,<br \/>cena: 200 000 PLN &#8211; zakup obligatoryjny.<\/p>\n<p>Zapraszam serdecznie na prezentacje!<\/p>\n<p><em>Niniejsze og\u0142oszenie nie stanowi oferty handlowej w&nbsp;rozumieniu art. 66 \u00a71 Kodeksu cywilnego i&nbsp;ma charakter wy\u0142\u0105cznie informacyjny. Wszelkie dane dotycz\u0105ce nieruchomo\u015bci uzyskano na podstawie o\u015bwiadcze\u0144 w\u0142a\u015bciciela. Prezentacja nieruchomo\u015bci odbywa si\u0119 na podstawie uprzedniego uzgodnienia terminu.<\/em><\/p>\n","protected":false},"author":2,"featured_media":221802,"parent":0,"menu_order":0,"template":"","property_status":[27],"property_market":[19],"property_type":[36],"property_transaction":[25],"location":[43,41,42],"class_list":["post-221835","property","type-property","status-publish","has-post-thumbnail","hentry"],"acf":[],"_links":{"self":[{"href":"https:\/\/invilla.pl\/en\/wp-json\/wp\/v2\/property\/221835","targetHints":{"allow":["GET"]}}],"collection":[{"href":"https:\/\/invilla.pl\/en\/wp-json\/wp\/v2\/property"}],"about":[{"href":"https:\/\/invilla.pl\/en\/wp-json\/wp\/v2\/types\/property"}],"author":[{"embeddable":true,"href":"https:\/\/invilla.pl\/en\/wp-json\/wp\/v2\/users\/2"}],"wp:featuredmedia":[{"embeddable":true,"href":"https:\/\/invilla.pl\/en\/wp-json\/wp\/v2\/media\/221802"}],"wp:attachment":[{"href":"https:\/\/invilla.pl\/en\/wp-json\/wp\/v2\/media?parent=221835"}],"wp:term":[{"taxonomy":"property_status","embeddable":true,"href":"https:\/\/invilla.pl\/en\/wp-json\/wp\/v2\/property_status?post=221835"},{"taxonomy":"property_market","embeddable":true,"href":"https:\/\/invilla.pl\/en\/wp-json\/wp\/v2\/property_market?post=221835"},{"taxonomy":"property_type","embeddable":true,"href":"https:\/\/invilla.pl\/en\/wp-json\/wp\/v2\/property_type?post=221835"},{"taxonomy":"property_transaction","embeddable":true,"href":"https:\/\/invilla.pl\/en\/wp-json\/wp\/v2\/property_transaction?post=221835"},{"taxonomy":"location","embeddable":true,"href":"https:\/\/invilla.pl\/en\/wp-json\/wp\/v2\/location?post=221835"}],"curies":[{"name":"wp","href":"https:\/\/api.w.org\/{rel}","templated":true}]}}

Apartment for sale, Gdynia Śródmieście, 106.30 m2, IN252127

<p><strong>INVILLA to nowoczesne biuro nieruchomości premium, które od lat z&nbsp;powodzeniem łączy ludzi z&nbsp;wyjątkowymi miejscami &#8211; z&nbsp;pasją, profesjonalizmem i&nbsp;pełnym zaangażowaniem.</strong></p>
<p><strong>SEA TOWERS |&nbsp;DWUPOZIOMOWY APARTAMENT NA OSTATNICH PIĘTRACH |&nbsp;PANORAMA NA ZATKOĘ</strong></p>
<p>Na sprzedaż unikatowy, dwupoziomowy apartament klasy premium <strong>z panoramicznym widokiem na zatokę.</strong> Położony w&nbsp;jednej z&nbsp;najbardziej prestiżowych lokalizacji w&nbsp;Polsce &#8211; Sea Towers w&nbsp;Gdyni, wieża B, 23. piętro (27-28 kondygnacja &#8211; ostatnia).</p>
<p>To propozycja dla osób poszukujących absolutnej wyjątkowości, prywatności i&nbsp;spektakularnych widoków, których nie da się porównać z&nbsp;żadną inną nieruchomością w&nbsp;Trójmieście.</p>
<p>PARAMETRY APARTAMENTU<br />powierzchnia użytkowa: <strong>106,30 m²</strong><br />taras z&nbsp;panoramicznym widokiem: <strong>22 m²</strong><br />piętro: ostatnie &#8211; brak sąsiadów nad apartamentem<br />ekspozycja wschodnia z&nbsp;bezpośrednim widokiem na morze<br />miejsce postojowe w&nbsp;hali garażowej</p>
<p>ROZKŁAD POMIESZCZEŃ<br />Poziom I:<br />&#8211; przestronny salon z&nbsp;bezpośrednim wyjściem na taras,<br />&#8211; kuchnia,<br />&#8211; łazienka,<br />&#8211; pralnia,<br />&#8211; schowek pod schodami.</p>
<p>Poziom II:<br />dwie sypialnie:<br />&#8211; sypialnia z&nbsp;jacuzzi i&nbsp;widokiem na zatokę,<br />&#8211; sypialnia z&nbsp;efektownym fragmentem szklanej podłogi i&nbsp;widokiem na zatokę,<br />&#8211; łazienka.</p>
<p>WIDOK, KTÓRY ROBI WRAŻENIE<br />Panoramiczny widok na otwarte morze oraz port, jest widoczny niemal z&nbsp;każdego pomieszczenia. To jeden z&nbsp;tych apartamentów, w&nbsp;których widok staje się integralną częścią wnętrza i&nbsp;codziennego komfortu życia.</p>
<p>DODATKOWE INFORMACJE<br />do apartamentu przynależy miejsce postojowe w&nbsp;podziemnej hali garażowej,<br />cena: 200 000 PLN &#8211; zakup obligatoryjny.</p>
<p>Zapraszam serdecznie na prezentacje!</p>
<p><em>Niniejsze ogłoszenie nie stanowi oferty handlowej w&nbsp;rozumieniu art. 66 §1 Kodeksu cywilnego i&nbsp;ma charakter wyłącznie informacyjny. Wszelkie dane dotyczące nieruchomości uzyskano na podstawie oświadczeń właściciela. Prezentacja nieruchomości odbywa się na podstawie uprzedniego uzgodnienia terminu.</em></p>
