{"id":227183,"date":"2026-03-06T09:23:31","date_gmt":"2026-03-06T08:23:31","guid":{"rendered":"https:\/\/invilla.pl\/oferty-nieruchomosci\/apartment-for-sale-jastrzebia-gora-92-80-m2-in347403\/"},"modified":"2026-04-21T15:22:11","modified_gmt":"2026-04-21T13:22:11","slug":"apartment-for-sale-jastrzebia-gora-93-00-m2-in347403","status":"publish","type":"property","link":"https:\/\/invilla.pl\/en\/property-offers\/apartment-for-sale-jastrzebia-gora-93-00-m2-in347403\/","title":{"rendered":"Apartment for sale, Jastrz\u0119bia G\u00f3ra, 93.00 m2, IN347403"},"content":{"rendered":"<p><strong>INVILLA to nowoczesne biuro nieruchomo\u015bci premium, kt\u00f3re od lat z&nbsp;powodzeniem \u0142\u0105czy ludzi z&nbsp;wyj\u0105tkowymi miejscami &#8211; z&nbsp;pasj\u0105, profesjonalizmem i&nbsp;pe\u0142nym zaanga\u017cowaniem.<\/strong><\/p>\n<p>jasne mieszkanie inwestycyjne &#8211; 2&nbsp;niezale\u017cne apartamenty |&nbsp;Jastrz\u0119bia G\u00f3ra |&nbsp;93 m\u00b2<\/p>\n<p>Na sprzeda\u017c przestronne i&nbsp;jasne mieszkanie o&nbsp;\u0142\u0105cznej powierzchni <strong>\u00a092,8 m\u00b2,<\/strong> kt\u00f3re zosta\u0142o funkcjonalnie podzielone na dwa niezale\u017cne apartamenty. Nieruchomo\u015b\u0107 znajduje si\u0119 w&nbsp;nadmorskiej miejscowo\u015bci Jastrz\u0119bia G\u00f3ra &#8211; spokojnym kurorcie s\u0142yn\u0105cym z&nbsp;malowniczych klif\u00f3w, szerokiej piaszczystej pla\u017cy oraz klimatycznej promenady Promenada \u015awiatowida z&nbsp;licznymi restauracjami rybnymi i&nbsp;kafejkami otwartymi przez ca\u0142y rok.<\/p>\n<p>Apartamenty mieszcz\u0105 si\u0119 na parterze trzypi\u0119trowego budynku z&nbsp;wind\u0105, w&nbsp;bardzo dobrej lokalizacji:<\/p>\n<ul>\n<li>ok. 200 m&nbsp;od g\u0142\u00f3wnego szlaku turystycznego i&nbsp;restauracji,<\/li>\n<li>ok. 400 m&nbsp;od szerokiej, piaszczystej pla\u017cy.<\/li>\n<\/ul>\n<p>Mieszkanie zosta\u0142o podzielone przez projektanta na dwa mniejsze lokale, dzi\u0119ki czemu s\u0105 one w&nbsp;pe\u0142ni funkcjonalne, niezale\u017cne i&nbsp;gotowe do wynajmu. Apartamenty posiadaj\u0105 wsp\u00f3lny korytarz wej\u015bciowy, natomiast ka\u017cdy z&nbsp;nich ma oddzieln\u0105 cz\u0119\u015b\u0107 mieszkaln\u0105.<\/p>\n<p>Apartament 1&nbsp;&#8211; 43 m\u00b2<\/p>\n<ul>\n<li>jasny salon z&nbsp;wyj\u015bciem na prywatny ogr\u00f3dek (45 m\u00b2)<\/li>\n<li>w pe\u0142ni wyposa\u017cony aneks kuchenny<\/li>\n<li>przestronna sypialnia z&nbsp;miejscem do przechowywania<\/li>\n<li>\u0142azienka z&nbsp;prysznicem<\/li>\n<\/ul>\n<p>Apartament 2&nbsp;&#8211; 50 m\u00b2<\/p>\n<ul>\n<li>jasny salon z&nbsp;wyj\u015bciem na prywatny ogr\u00f3dek (35 m\u00b2)<\/li>\n<li>wyposa\u017cony aneks kuchenny<\/li>\n<li>sypialnia z&nbsp;miejscem do przechowywania<\/li>\n<li>dodatkowa komfortowa sypialnia \/&nbsp;pok\u00f3j z&nbsp;wyj\u015bciem na du\u017cy, s\u0142oneczny taras<\/li>\n<\/ul>\n<p><strong>Dodatkowe informacje<\/strong><\/p>\n<ul>\n<li>1 miejsce parkingowe w&nbsp;gara\u017cu podziemnym &#8211; dodatkowo p\u0142atne 40 000 z\u0142<\/li>\n<li>teren inwestycji ogrodzony i&nbsp;bezpieczny<\/li>\n<li>wysoka jako\u015b\u0107 wyko\u0144czenia &#8211; bardzo dobre materia\u0142y<\/li>\n<li>wszystkie zabudowy stolarskie wykonane na indywidualne zam\u00f3wienie<\/li>\n<li>apartament w&nbsp;pe\u0142ni umeblowany i&nbsp;gotowy do zamieszkania<\/li>\n<\/ul>\n<p><strong>Potencja\u0142 inwestycyjny<\/strong><br \/>Nieruchomo\u015b\u0107 stanowi doskona\u0142\u0105 okazj\u0119 inwestycyjn\u0105 dla os\u00f3b planuj\u0105cych wynajem kr\u00f3tkoterminowy. Na miejscu dost\u0119pna jest osoba, kt\u00f3ra mo\u017ce kompleksowo zaj\u0105\u0107 si\u0119 obs\u0142ug\u0105 najmu.<\/p>\n<p><em>Niniejsze og\u0142oszenie nie stanowi oferty handlowej w&nbsp;rozumieniu art. 66 \u00a71 Kodeksu cywilnego i&nbsp;ma charakter wy\u0142\u0105cznie informacyjny. Wszelkie dane dotycz\u0105ce nieruchomo\u015bci uzyskano na podstawie o\u015bwiadcze\u0144 w\u0142a\u015bciciela. Prezentacja nieruchomo\u015bci odbywa si\u0119 na podstawie uprzedniego uzgodnienia terminu.<\/em><\/p>\n","protected":false},"author":2,"featured_media":227134,"parent":0,"menu_order":0,"template":"","property_status":[27],"property_market":[19],"property_type":[36],"property_transaction":[25],"location":[177,41,42],"class_list":["post-227183","property","type-property","status-publish","has-post-thumbnail","hentry"],"acf":[],"_links":{"self":[{"href":"https:\/\/invilla.pl\/en\/wp-json\/wp\/v2\/property\/227183","targetHints":{"allow":["GET"]}}],"collection":[{"href":"https:\/\/invilla.pl\/en\/wp-json\/wp\/v2\/property"}],"about":[{"href":"https:\/\/invilla.pl\/en\/wp-json\/wp\/v2\/types\/property"}],"author":[{"embeddable":true,"href":"https:\/\/invilla.pl\/en\/wp-json\/wp\/v2\/users\/2"}],"wp:featuredmedia":[{"embeddable":true,"href":"https:\/\/invilla.pl\/en\/wp-json\/wp\/v2\/media\/227134"}],"wp:attachment":[{"href":"https:\/\/invilla.pl\/en\/wp-json\/wp\/v2\/media?parent=227183"}],"wp:term":[{"taxonomy":"property_status","embeddable":true,"href":"https:\/\/invilla.pl\/en\/wp-json\/wp\/v2\/property_status?post=227183"},{"taxonomy":"property_market","embeddable":true,"href":"https:\/\/invilla.pl\/en\/wp-json\/wp\/v2\/property_market?post=227183"},{"taxonomy":"property_type","embeddable":true,"href":"https:\/\/invilla.pl\/en\/wp-json\/wp\/v2\/property_type?post=227183"},{"taxonomy":"property_transaction","embeddable":true,"href":"https:\/\/invilla.pl\/en\/wp-json\/wp\/v2\/property_transaction?post=227183"},{"taxonomy":"location","embeddable":true,"href":"https:\/\/invilla.pl\/en\/wp-json\/wp\/v2\/location?post=227183"}],"curies":[{"name":"wp","href":"https:\/\/api.w.org\/{rel}","templated":true}]}}

Apartment for sale, Jastrzębia Góra, 93.00 m2, IN347403

<p><strong>INVILLA to nowoczesne biuro nieruchomości premium, które od lat z&nbsp;powodzeniem łączy ludzi z&nbsp;wyjątkowymi miejscami &#8211; z&nbsp;pasją, profesjonalizmem i&nbsp;pełnym zaangażowaniem.</strong></p>
<p>jasne mieszkanie inwestycyjne &#8211; 2&nbsp;niezależne apartamenty |&nbsp;Jastrzębia Góra |&nbsp;93 m²</p>
<p>Na sprzedaż przestronne i&nbsp;jasne mieszkanie o&nbsp;łącznej powierzchni <strong> 92,8 m²,</strong> które zostało funkcjonalnie podzielone na dwa niezależne apartamenty. Nieruchomość znajduje się w&nbsp;nadmorskiej miejscowości Jastrzębia Góra &#8211; spokojnym kurorcie słynącym z&nbsp;malowniczych klifów, szerokiej piaszczystej plaży oraz klimatycznej promenady Promenada Światowida z&nbsp;licznymi restauracjami rybnymi i&nbsp;kafejkami otwartymi przez cały rok.</p>
<p>Apartamenty mieszczą się na parterze trzypiętrowego budynku z&nbsp;windą, w&nbsp;bardzo dobrej lokalizacji:</p>
<ul>
<li>ok. 200 m&nbsp;od głównego szlaku turystycznego i&nbsp;restauracji,</li>
<li>ok. 400 m&nbsp;od szerokiej, piaszczystej plaży.</li>
</ul>
<p>Mieszkanie zostało podzielone przez projektanta na dwa mniejsze lokale, dzięki czemu są one w&nbsp;pełni funkcjonalne, niezależne i&nbsp;gotowe do wynajmu. Apartamenty posiadają wspólny korytarz wejściowy, natomiast każdy z&nbsp;nich ma oddzielną część mieszkalną.</p>
<p>Apartament 1&nbsp;&#8211; 43 m²</p>
<ul>
<li>jasny salon z&nbsp;wyjściem na prywatny ogródek (45 m²)</li>
<li>w pełni wyposażony aneks kuchenny</li>
<li>przestronna sypialnia z&nbsp;miejscem do przechowywania</li>
<li>łazienka z&nbsp;prysznicem</li>
</ul>
<p>Apartament 2&nbsp;&#8211; 50 m²</p>
<ul>
<li>jasny salon z&nbsp;wyjściem na prywatny ogródek (35 m²)</li>
<li>wyposażony aneks kuchenny</li>
<li>sypialnia z&nbsp;miejscem do przechowywania</li>
<li>dodatkowa komfortowa sypialnia /&nbsp;pokój z&nbsp;wyjściem na duży, słoneczny taras</li>
</ul>
<p><strong>Dodatkowe informacje</strong></p>
<ul>
<li>1 miejsce parkingowe w&nbsp;garażu podziemnym &#8211; dodatkowo płatne 40 000 zł</li>
<li>teren inwestycji ogrodzony i&nbsp;bezpieczny</li>
<li>wysoka jakość wykończenia &#8211; bardzo dobre materiały</li>
<li>wszystkie zabudowy stolarskie wykonane na indywidualne zamówienie</li>
<li>apartament w&nbsp;pełni umeblowany i&nbsp;gotowy do zamieszkania</li>
</ul>
<p><strong>Potencjał inwestycyjny</strong><br />Nieruchomość stanowi doskonałą okazję inwestycyjną dla osób planujących wynajem krótkoterminowy. Na miejscu dostępna jest osoba, która może kompleksowo zająć się obsługą najmu.</p>
<p><em>Niniejsze ogłoszenie nie stanowi oferty handlowej w&nbsp;rozumieniu art. 66 §1 Kodeksu cywilnego i&nbsp;ma charakter wyłącznie informacyjny. Wszelkie dane dotyczące nieruchomości uzyskano na podstawie oświadczeń właściciela. Prezentacja nieruchomości odbywa się na podstawie uprzedniego uzgodnienia terminu.</em></p>
