{"id":233240,"date":"2026-04-23T18:43:20","date_gmt":"2026-04-23T16:43:20","guid":{"rendered":"https:\/\/invilla.pl\/oferty-nieruchomosci\/apartment-for-sale-gdansk-wrzeszcz-55-80-m2-in874458\/"},"modified":"2026-04-23T18:43:20","modified_gmt":"2026-04-23T16:43:20","slug":"apartment-for-sale-gdansk-wrzeszcz-55-80-m2-in874458","status":"publish","type":"property","link":"https:\/\/invilla.pl\/en\/property-offers\/apartment-for-sale-gdansk-wrzeszcz-55-80-m2-in874458\/","title":{"rendered":"Apartment for sale, Gda\u0144sk Wrzeszcz, 55.80 m2, IN874458"},"content":{"rendered":"<p><strong>INVILLA to nowoczesne biuro nieruchomo\u015bci premium, kt\u00f3re od lat z&nbsp;powodzeniem \u0142\u0105czy ludzi z&nbsp;wyj\u0105tkowymi miejscami &#8211; z&nbsp;pasj\u0105, profesjonalizmem i&nbsp;pe\u0142nym zaanga\u017cowaniem.<\/strong><\/p>\n<p>Na sprzeda\u017c &#8211; s\u0142oneczne 2-pokojowe mieszkanie z&nbsp;panoramicznym widokiem na Gda\u0144sk Wrzeszcz, ul. Partyzant\u00f3w 72.<\/p>\n<p>Na sprzeda\u017c wyj\u0105tkowe, <strong>s\u0142oneczne 2-pokojowe mieszkanie o&nbsp;powierzchni 55,8 m\u00b2<\/strong>, po\u0142o\u017cone na <strong>8. pi\u0119trze<\/strong> nowoczesnego budynku wybudowanego przez renomowanego<strong> dewelopera INPRO<\/strong>. <br \/>To idealna propozycja dla os\u00f3b poszukuj\u0105cych komfortu, \u015bwietnej lokalizacji oraz pi\u0119knych widok\u00f3w na panoram\u0119 miasta i&nbsp;morze.<\/p>\n<p><strong>Uk\u0142ad mieszkania:<\/strong><br \/>\u2022 przestronny <strong>salon z&nbsp;aneksem kuchennym<\/strong> i&nbsp;wyj\u015bciem na du\u017cy balkon (ekspozycja wschodnio- <br \/>\u00a0 po\u0142udniowa),<br \/>\u2022 ustawna <strong>sypialnia<\/strong>,<br \/>\u2022 nowoczesna<strong> \u0142azienka<\/strong> z&nbsp;prysznicem.<\/p>\n<p><strong>Tr\u00f3jstronna ekspozycja okien<\/strong> (wsch\u00f3d-po\u0142udnie-zach\u00f3d) zapewnia doskona\u0142e do\u015bwietlenie wn\u0119trza przez ca\u0142y dzie\u0144 oraz wyj\u0105tkowe widoki.<\/p>\n<p><strong>Standard i&nbsp;wyposa\u017cenie:<br \/><\/strong><br \/>Mieszkanie nie jest umeblowane, co daje pe\u0142n\u0105 swobod\u0119 aran\u017cacji wed\u0142ug w\u0142asnych potrzeb. \u0141azienka zosta\u0142a wyko\u0144czona w&nbsp;wysokim standardzie, z&nbsp;u\u017cyciem starannie dobranych materia\u0142\u00f3w.<br \/>D\u017awi\u0119koszczelne okna oraz po\u0142o\u017cenie na 8. pi\u0119trze gwarantuj\u0105 cisz\u0119 i&nbsp;prywatno\u015b\u0107.<br \/>Ogrzewanie miejskie, dodatkowo w&nbsp;salonie zastosowano elektryczne ogrzewanie pod\u0142ogowe.<\/p>\n<p><strong>Budynek:<\/strong><br \/>\u2022 nowoczesny, zadbany,<br \/>\u2022 cichobie\u017cna winda,<br \/>\u2022 domofon.<\/p>\n<p>Dodatkowe informacje:<br \/>\u2022 do mieszkania przynale\u017cy<strong> kom\u00f3rka lokatorska<\/strong> (8 m\u00b2) &#8211; w&nbsp;cenie,<br \/>\u2022 op\u0142aty eksploatacyjne: ok. 860 z\u0142\/miesi\u0119cznie.<\/p>\n<p><strong>Lokalizacja:<\/strong><br \/>Nieruchomo\u015b\u0107 znajduje si\u0119 w&nbsp;samym sercu Wrzeszcza &#8211; jednej z&nbsp;najlepiej skomunikowanych dzielnic Gda\u0144sk. W&nbsp;pobli\u017cu znajduj\u0105 si\u0119 centra handlowe: Galeria Ba\u0142tycka oraz Galeria Manhattan.<br \/>W bezpo\u015brednim s\u0105siedztwie dost\u0119pne s\u0105 przystanki komunikacji miejskiej oraz stacja Gda\u0144sk Wrzeszcz, co zapewnia szybki dojazd do ca\u0142ego Tr\u00f3jmiasta.<br \/>Dodatkowym atutem jest blisko\u015b\u0107 Garnizon &#8211; t\u0119tni\u0105cej \u017cyciem przestrzeni z&nbsp;restauracjami, kawiarniami i&nbsp;miejscami spotka\u0144.<\/p>\n<p>To mieszkanie \u0142\u0105czy w&nbsp;sobie komfort, funkcjonalno\u015b\u0107 i&nbsp;presti\u017cow\u0105 lokalizacj\u0119. Idealne zar\u00f3wno do zamieszkania, jak i&nbsp;jako inwestycja.<\/p>\n<p>Zapraszam do kontaktu i&nbsp;um\u00f3wienia si\u0119 na prezentacj\u0119!<\/p>\n<p><em>Niniejsze og\u0142oszenie nie stanowi oferty handlowej w&nbsp;rozumieniu art. 66 \u00a71 Kodeksu cywilnego i&nbsp;ma charakter wy\u0142\u0105cznie informacyjny. Wszelkie dane dotycz\u0105ce nieruchomo\u015bci uzyskano na podstawie o\u015bwiadcze\u0144 w\u0142a\u015bciciela. Prezentacja nieruchomo\u015bci odbywa si\u0119 na podstawie uprzedniego uzgodnienia terminu.<\/em><\/p>\n","protected":false},"author":2,"featured_media":233215,"parent":0,"menu_order":0,"template":"","property_status":[27],"property_market":[19],"property_type":[36],"property_transaction":[25],"location":[47,41,42],"class_list":["post-233240","property","type-property","status-publish","has-post-thumbnail","hentry"],"acf":[],"_links":{"self":[{"href":"https:\/\/invilla.pl\/en\/wp-json\/wp\/v2\/property\/233240","targetHints":{"allow":["GET"]}}],"collection":[{"href":"https:\/\/invilla.pl\/en\/wp-json\/wp\/v2\/property"}],"about":[{"href":"https:\/\/invilla.pl\/en\/wp-json\/wp\/v2\/types\/property"}],"author":[{"embeddable":true,"href":"https:\/\/invilla.pl\/en\/wp-json\/wp\/v2\/users\/2"}],"wp:featuredmedia":[{"embeddable":true,"href":"https:\/\/invilla.pl\/en\/wp-json\/wp\/v2\/media\/233215"}],"wp:attachment":[{"href":"https:\/\/invilla.pl\/en\/wp-json\/wp\/v2\/media?parent=233240"}],"wp:term":[{"taxonomy":"property_status","embeddable":true,"href":"https:\/\/invilla.pl\/en\/wp-json\/wp\/v2\/property_status?post=233240"},{"taxonomy":"property_market","embeddable":true,"href":"https:\/\/invilla.pl\/en\/wp-json\/wp\/v2\/property_market?post=233240"},{"taxonomy":"property_type","embeddable":true,"href":"https:\/\/invilla.pl\/en\/wp-json\/wp\/v2\/property_type?post=233240"},{"taxonomy":"property_transaction","embeddable":true,"href":"https:\/\/invilla.pl\/en\/wp-json\/wp\/v2\/property_transaction?post=233240"},{"taxonomy":"location","embeddable":true,"href":"https:\/\/invilla.pl\/en\/wp-json\/wp\/v2\/location?post=233240"}],"curies":[{"name":"wp","href":"https:\/\/api.w.org\/{rel}","templated":true}]}}

Apartment for sale, Gdańsk Wrzeszcz, 55.80 m2, IN874458

<p><strong>INVILLA to nowoczesne biuro nieruchomości premium, które od lat z&nbsp;powodzeniem łączy ludzi z&nbsp;wyjątkowymi miejscami &#8211; z&nbsp;pasją, profesjonalizmem i&nbsp;pełnym zaangażowaniem.</strong></p>
<p>Na sprzedaż &#8211; słoneczne 2-pokojowe mieszkanie z&nbsp;panoramicznym widokiem na Gdańsk Wrzeszcz, ul. Partyzantów 72.</p>
<p>Na sprzedaż wyjątkowe, <strong>słoneczne 2-pokojowe mieszkanie o&nbsp;powierzchni 55,8 m²</strong>, położone na <strong>8. piętrze</strong> nowoczesnego budynku wybudowanego przez renomowanego<strong> dewelopera INPRO</strong>. <br />To idealna propozycja dla osób poszukujących komfortu, świetnej lokalizacji oraz pięknych widoków na panoramę miasta i&nbsp;morze.</p>
<p><strong>Układ mieszkania:</strong><br />• przestronny <strong>salon z&nbsp;aneksem kuchennym</strong> i&nbsp;wyjściem na duży balkon (ekspozycja wschodnio- <br />  południowa),<br />• ustawna <strong>sypialnia</strong>,<br />• nowoczesna<strong> łazienka</strong> z&nbsp;prysznicem.</p>
<p><strong>Trójstronna ekspozycja okien</strong> (wschód-południe-zachód) zapewnia doskonałe doświetlenie wnętrza przez cały dzień oraz wyjątkowe widoki.</p>
<p><strong>Standard i&nbsp;wyposażenie:<br /></strong><br />Mieszkanie nie jest umeblowane, co daje pełną swobodę aranżacji według własnych potrzeb. Łazienka została wykończona w&nbsp;wysokim standardzie, z&nbsp;użyciem starannie dobranych materiałów.<br />Dźwiękoszczelne okna oraz położenie na 8. piętrze gwarantują ciszę i&nbsp;prywatność.<br />Ogrzewanie miejskie, dodatkowo w&nbsp;salonie zastosowano elektryczne ogrzewanie podłogowe.</p>
<p><strong>Budynek:</strong><br />• nowoczesny, zadbany,<br />• cichobieżna winda,<br />• domofon.</p>
<p>Dodatkowe informacje:<br />• do mieszkania przynależy<strong> komórka lokatorska</strong> (8 m²) &#8211; w&nbsp;cenie,<br />• opłaty eksploatacyjne: ok. 860 zł/miesięcznie.</p>
<p><strong>Lokalizacja:</strong><br />Nieruchomość znajduje się w&nbsp;samym sercu Wrzeszcza &#8211; jednej z&nbsp;najlepiej skomunikowanych dzielnic Gdańsk. W&nbsp;pobliżu znajdują się centra handlowe: Galeria Bałtycka oraz Galeria Manhattan.<br />W bezpośrednim sąsiedztwie dostępne są przystanki komunikacji miejskiej oraz stacja Gdańsk Wrzeszcz, co zapewnia szybki dojazd do całego Trójmiasta.<br />Dodatkowym atutem jest bliskość Garnizon &#8211; tętniącej życiem przestrzeni z&nbsp;restauracjami, kawiarniami i&nbsp;miejscami spotkań.</p>
<p>To mieszkanie łączy w&nbsp;sobie komfort, funkcjonalność i&nbsp;prestiżową lokalizację. Idealne zarówno do zamieszkania, jak i&nbsp;jako inwestycja.</p>
<p>Zapraszam do kontaktu i&nbsp;umówienia się na prezentację!</p>
<p><em>Niniejsze ogłoszenie nie stanowi oferty handlowej w&nbsp;rozumieniu art. 66 §1 Kodeksu cywilnego i&nbsp;ma charakter wyłącznie informacyjny. Wszelkie dane dotyczące nieruchomości uzyskano na podstawie oświadczeń właściciela. Prezentacja nieruchomości odbywa się na podstawie uprzedniego uzgodnienia terminu.</em></p>
