{"id":234011,"date":"2026-04-29T11:04:26","date_gmt":"2026-04-29T09:04:26","guid":{"rendered":"https:\/\/invilla.pl\/oferty-nieruchomosci\/commercial-space-for-sale-jastarnia-200-00-m2-in159644\/"},"modified":"2026-04-29T11:04:26","modified_gmt":"2026-04-29T09:04:26","slug":"commercial-space-for-sale-jastarnia-200-00-m2-in159644","status":"publish","type":"property","link":"https:\/\/invilla.pl\/en\/property-offers\/commercial-space-for-sale-jastarnia-200-00-m2-in159644\/","title":{"rendered":"Commercial space for sale, Jastarnia, 200.00 m2, IN159644"},"content":{"rendered":"<p><strong>INVILLA to nowoczesne biuro nieruchomo\u015bci premium, kt\u00f3re od lat z&nbsp;powodzeniem \u0142\u0105czy ludzi z&nbsp;wyj\u0105tkowymi miejscami &#8211; z&nbsp;pasj\u0105, profesjonalizmem i&nbsp;pe\u0142nym zaanga\u017cowaniem.<\/strong><\/p>\n<p><strong>Na sprzeda\u017c niespotykana nieruchomo\u015b\u0107 inwestycyjna na P\u00f3\u0142wyspie Helskim &#8211; TOP lokalizacja Jastarni.<\/p>\n<p>Nieruchomo\u015b\u0107 ze wzgl\u0119du na swoj\u0105 niepowtarzaln\u0105 lokalizacj\u0119 ma ogromne mo\u017cliwo\u015bci inwestycyjne.<\/strong><\/p>\n<p><strong>LOKALIZACJA:<\/strong><br \/>Nieruchomo\u015b\u0107 po\u0142o\u017cona <strong>w Jastarni nazywanej sercem P\u00f3\u0142wyspu Helskiego<\/strong> przy ulicy Stelmaszczyka &#8211; <strong>to g\u0142\u00f3wna, najbardziej ucz\u0119szczana ulica Jastarni<\/strong>, prowadz\u0105ca bezpo\u015brednio <strong>na Molo.<\/strong><\/p>\n<p><strong>BUDYNEK:<\/strong><br \/>Nieruchomo\u015b\u0107 to murowany budynek handlowo-mieszkalny z&nbsp;2005 roku na kt\u00f3ry sk\u0142adaj\u0105 si\u0119 3&nbsp;kondygnacje oraz dodatkowy budynek parterowy z&nbsp;funkcj\u0105 us\u0142ugowo-handlow\u0105.<\/p>\n<p><strong>NIERUCHOMO\u015a\u0106:<br \/><\/strong><br \/><strong>1. Budynek murowany, handlowo-us\u0142ugowy, 3&nbsp;kondygnacyjny, sk\u0142ada si\u0119 z&nbsp;nast\u0119puj\u0105cych pomieszcze\u0144:<br \/><\/strong><br \/><strong>PARTER &#8211; LOKALE HANDLOWO-US\u0141UGOWE:<\/strong><br \/>\u2022 2&nbsp;niezale\u017cne lokale z&nbsp;witrynami ka\u017cdy po oko\u0142o 25\u00a0m\u00b2 &#8211; <strong>mo\u017cliwo\u015b\u0107 po\u0142\u0105czenia w&nbsp;jeden 50 m\u00b2,<\/strong><br \/>\u2022 kot\u0142ownia,<br \/>\u2022 klatka schodowa.<\/p>\n<p><strong>PI\u0118TRO 1&nbsp;&#8211; APARTAMENT (o powierzchni 55,4 m\u00b2):<\/strong><br \/>\u2022 du\u017cy salon z&nbsp;wyj\u015bciem na balkon <strong>(widok na Zatok\u0119 Puck\u0105),<\/strong><br \/>\u2022 \u0142azienka z&nbsp;WC i&nbsp;prysznicem,<br \/>\u2022 du\u017ca kuchnia,<br \/>\u2022 klatka schodowa.<\/p>\n<p><strong>PI\u0118TRO 2&nbsp;&#8211; POKOJE NA WYNAJEM:<\/strong><br \/>\u2022 du\u017cy pok\u00f3j z&nbsp;wyj\u015bciem na balkon <strong>(widok na Zatok\u0119 Puck\u0105),<br \/><\/strong>\u2022 du\u017cy pok\u00f3j,\u00a0<br \/>\u2022 2&nbsp;x&nbsp;ma\u0142y pok\u00f3j,<br \/>\u2022 \u0142azienka z&nbsp;WC i&nbsp;prysznicem,<br \/>\u2022 \u0142azienka z&nbsp;WC i&nbsp;prysznicem,<br \/>\u2022 klatka schodowa.<\/p>\n<p><strong>PODDASZE:<br \/><\/strong>\u2022 dodatkowa powierzchnia mieszkalno-magazynowa (w tym \u0142azienka).<\/p>\n<p><strong>MAGAZYN:<\/strong><br \/>\u2022 dodatkowa przestrze\u0144 w&nbsp;postaci zadaszonego magazynu o&nbsp;powierzchni oko\u0142o 20 m\u00b2.<\/p>\n<p><strong>2. Budynek handlowy:<br \/><\/strong>\u2022 lokal handlowo-us\u0142ugowy o&nbsp;powierzchni oko\u0142o 35\u00a0m\u00b2.<\/p>\n<p><strong>UWAGI DODATKOWE:<\/strong><br \/>&#8211; ogrzewanie centralne w&nbsp;budynku &#8211; kot\u0142ownia na piec olejowy,<br \/>&#8211; parking og\u00f3lnodost\u0119pny przed budynkami.<\/p>\n<p><strong>Nieruchomo\u015b\u0107 generuje sta\u0142y pasywny doch\u00f3d.<\/strong> <\/p>\n<p><strong>Wszystkie trzy lokale handlowe s\u0105 aktualnie wynaj\u0119te i&nbsp;funkcjonuj\u0105 w&nbsp;nich dzia\u0142aj\u0105ce firmy. Apartament oraz pokoje mieszkalne s\u0105 wynajmowane turystom w&nbsp;ramach najmu kr\u00f3tkoterminowego.<\/strong><\/p>\n<p><strong>Zapraszam do kontaktu.<\/strong><\/p>\n<p><em>Niniejsze og\u0142oszenie nie stanowi oferty handlowej w&nbsp;rozumieniu art. 66 \u00a71 Kodeksu cywilnego i&nbsp;ma charakter wy\u0142\u0105cznie informacyjny. Wszelkie dane dotycz\u0105ce nieruchomo\u015bci uzyskano na podstawie o\u015bwiadcze\u0144 w\u0142a\u015bciciela. Prezentacja nieruchomo\u015bci odbywa si\u0119 na podstawie uprzedniego uzgodnienia terminu.<\/em><\/p>\n","protected":false},"author":2,"featured_media":206711,"parent":0,"menu_order":0,"template":"","property_status":[27],"property_market":[19],"property_type":[31],"property_transaction":[25],"location":[290,41,42],"class_list":["post-234011","property","type-property","status-publish","has-post-thumbnail","hentry"],"acf":[],"_links":{"self":[{"href":"https:\/\/invilla.pl\/en\/wp-json\/wp\/v2\/property\/234011","targetHints":{"allow":["GET"]}}],"collection":[{"href":"https:\/\/invilla.pl\/en\/wp-json\/wp\/v2\/property"}],"about":[{"href":"https:\/\/invilla.pl\/en\/wp-json\/wp\/v2\/types\/property"}],"author":[{"embeddable":true,"href":"https:\/\/invilla.pl\/en\/wp-json\/wp\/v2\/users\/2"}],"wp:featuredmedia":[{"embeddable":true,"href":"https:\/\/invilla.pl\/en\/wp-json\/wp\/v2\/media\/206711"}],"wp:attachment":[{"href":"https:\/\/invilla.pl\/en\/wp-json\/wp\/v2\/media?parent=234011"}],"wp:term":[{"taxonomy":"property_status","embeddable":true,"href":"https:\/\/invilla.pl\/en\/wp-json\/wp\/v2\/property_status?post=234011"},{"taxonomy":"property_market","embeddable":true,"href":"https:\/\/invilla.pl\/en\/wp-json\/wp\/v2\/property_market?post=234011"},{"taxonomy":"property_type","embeddable":true,"href":"https:\/\/invilla.pl\/en\/wp-json\/wp\/v2\/property_type?post=234011"},{"taxonomy":"property_transaction","embeddable":true,"href":"https:\/\/invilla.pl\/en\/wp-json\/wp\/v2\/property_transaction?post=234011"},{"taxonomy":"location","embeddable":true,"href":"https:\/\/invilla.pl\/en\/wp-json\/wp\/v2\/location?post=234011"}],"curies":[{"name":"wp","href":"https:\/\/api.w.org\/{rel}","templated":true}]}}

<p><strong>INVILLA to nowoczesne biuro nieruchomości premium, które od lat z&nbsp;powodzeniem łączy ludzi z&nbsp;wyjątkowymi miejscami &#8211; z&nbsp;pasją, profesjonalizmem i&nbsp;pełnym zaangażowaniem.</strong></p>
<p><strong>Na sprzedaż niespotykana nieruchomość inwestycyjna na Półwyspie Helskim &#8211; TOP lokalizacja Jastarni.</p>
<p>Nieruchomość ze względu na swoją niepowtarzalną lokalizację ma ogromne możliwości inwestycyjne.</strong></p>
<p><strong>LOKALIZACJA:</strong><br />Nieruchomość położona <strong>w Jastarni nazywanej sercem Półwyspu Helskiego</strong> przy ulicy Stelmaszczyka &#8211; <strong>to główna, najbardziej uczęszczana ulica Jastarni</strong>, prowadząca bezpośrednio <strong>na Molo.</strong></p>
<p><strong>BUDYNEK:</strong><br />Nieruchomość to murowany budynek handlowo-mieszkalny z&nbsp;2005 roku na który składają się 3&nbsp;kondygnacje oraz dodatkowy budynek parterowy z&nbsp;funkcją usługowo-handlową.</p>
<p><strong>NIERUCHOMOŚĆ:<br /></strong><br /><strong>1. Budynek murowany, handlowo-usługowy, 3&nbsp;kondygnacyjny, składa się z&nbsp;następujących pomieszczeń:<br /></strong><br /><strong>PARTER &#8211; LOKALE HANDLOWO-USŁUGOWE:</strong><br />• 2&nbsp;niezależne lokale z&nbsp;witrynami każdy po około 25 m² &#8211; <strong>możliwość połączenia w&nbsp;jeden 50 m²,</strong><br />• kotłownia,<br />• klatka schodowa.</p>
<p><strong>PIĘTRO 1&nbsp;&#8211; APARTAMENT (o powierzchni 55,4 m²):</strong><br />• duży salon z&nbsp;wyjściem na balkon <strong>(widok na Zatokę Pucką),</strong><br />• łazienka z&nbsp;WC i&nbsp;prysznicem,<br />• duża kuchnia,<br />• klatka schodowa.</p>
<p><strong>PIĘTRO 2&nbsp;&#8211; POKOJE NA WYNAJEM:</strong><br />• duży pokój z&nbsp;wyjściem na balkon <strong>(widok na Zatokę Pucką),<br /></strong>• duży pokój, <br />• 2&nbsp;x&nbsp;mały pokój,<br />• łazienka z&nbsp;WC i&nbsp;prysznicem,<br />• łazienka z&nbsp;WC i&nbsp;prysznicem,<br />• klatka schodowa.</p>
<p><strong>PODDASZE:<br /></strong>• dodatkowa powierzchnia mieszkalno-magazynowa (w tym łazienka).</p>
<p><strong>MAGAZYN:</strong><br />• dodatkowa przestrzeń w&nbsp;postaci zadaszonego magazynu o&nbsp;powierzchni około 20 m².</p>
<p><strong>2. Budynek handlowy:<br /></strong>• lokal handlowo-usługowy o&nbsp;powierzchni około 35 m².</p>
<p><strong>UWAGI DODATKOWE:</strong><br />&#8211; ogrzewanie centralne w&nbsp;budynku &#8211; kotłownia na piec olejowy,<br />&#8211; parking ogólnodostępny przed budynkami.</p>
<p><strong>Nieruchomość generuje stały pasywny dochód.</strong> </p>
<p><strong>Wszystkie trzy lokale handlowe są aktualnie wynajęte i&nbsp;funkcjonują w&nbsp;nich działające firmy. Apartament oraz pokoje mieszkalne są wynajmowane turystom w&nbsp;ramach najmu krótkoterminowego.</strong></p>
<p><strong>Zapraszam do kontaktu.</strong></p>
<p><em>Niniejsze ogłoszenie nie stanowi oferty handlowej w&nbsp;rozumieniu art. 66 §1 Kodeksu cywilnego i&nbsp;ma charakter wyłącznie informacyjny. Wszelkie dane dotyczące nieruchomości uzyskano na podstawie oświadczeń właściciela. Prezentacja nieruchomości odbywa się na podstawie uprzedniego uzgodnienia terminu.</em></p>
