{"id":234065,"date":"2026-04-29T21:23:20","date_gmt":"2026-04-29T19:23:20","guid":{"rendered":"https:\/\/invilla.pl\/oferty-nieruchomosci\/apartment-for-rent-gdansk-stare-miasto-61-40-m2-in923852\/"},"modified":"2026-04-29T21:23:20","modified_gmt":"2026-04-29T19:23:20","slug":"apartment-for-rent-gdansk-stare-miasto-61-40-m2-in923852","status":"publish","type":"property","link":"https:\/\/invilla.pl\/en\/property-offers\/apartment-for-rent-gdansk-stare-miasto-61-40-m2-in923852\/","title":{"rendered":"Apartment for rent, Gda\u0144sk Stare Miasto, 61.40 m2, IN923852"},"content":{"rendered":"<p><strong>INVILLA to nowoczesne biuro nieruchomo\u015bci premium, kt\u00f3re od lat z&nbsp;powodzeniem \u0142\u0105czy ludzi z&nbsp;wyj\u0105tkowymi miejscami &#8211; z&nbsp;pasj\u0105, profesjonalizmem i&nbsp;pe\u0142nym zaanga\u017cowaniem.<\/strong><\/p>\n<div style=\"text-align: justify\"><strong>3-pokojowe mieszkanie po\u0142o\u017cone w&nbsp;inwestycji AURA II, przy ul. Chmielnej w&nbsp;Gda\u0144sku.<\/strong><\/p>\n<\/div>\n<div style=\"text-align: justify\"><strong>Lokalizacja<br \/><\/strong>W bezpo\u015brednim s\u0105siedztwie realizacji znajduj\u0105 si\u0119 najwi\u0119ksze atrakcje gda\u0144skiej Star\u00f3wki, takie jak s\u0142ynna ulica D\u0142uga, Z\u0142ota i&nbsp;Zielona Brama, \u017buraw, wybrze\u017ce Mot\u0142awy, marina jachtowa.\u00a0Restauracje, kawiarnie, czy puby znajduj\u0105 si\u0119 w&nbsp;odleg\u0142o\u015bci spacerowej.<\/p>\n<p><strong>Budynek<\/strong><\/div>\n<div style=\"text-align: justify\">Inwestycja Aura powsta\u0142a nad brzegiem Mot\u0142awy na Wyspie Spichrz\u00f3w. Od Star\u00f3wki dzieli j\u0105 zaledwie 8&nbsp;minut. Ca\u0142y trzyetapowy projekt inwestycji zosta\u0142 zaprojektowany wzorem renesansowego stylu architektury Starego Miasta.\u00a0Ulica Chmielna stanowi g\u0142\u00f3wn\u0105 drog\u0119 na Wyspie Spichrz\u00f3w. W&nbsp;\u015brodkowej cz\u0119\u015bci biegnie pomi\u0119dzy odnowionymi spichlerzami.<\/p>\n<p><strong>Mieszkanie<\/strong><br \/>Nieruchomo\u015b\u0107 jest w&nbsp;pe\u0142ni wyposa\u017cona i&nbsp;sk\u0142ada si\u0119 z&nbsp;nast\u0119puj\u0105cych pomieszcze\u0144:<strong><br \/><\/strong>&#8211; przestronny salon z&nbsp;aneksem kuchennym i&nbsp;wyj\u015bciem na 2&nbsp;balkony (jeden z&nbsp;widokiem na Mot\u0142aw\u0119),<br \/>&#8211; 2&nbsp;sypialnie,<br \/>&#8211; \u0142azienka z&nbsp;du\u017cym prysznicem,<br \/>&#8211; przedpok\u00f3j.<\/p>\n<p>Miejsce idealnie nadaj\u0105ce si\u0119 dla aktywnych os\u00f3b ceni\u0105cych komfort mieszkania w&nbsp;centrum miasta, jednocze\u015bnie poza g\u0142\u00f3wnym zgie\u0142kiem turyst\u00f3w.<\/p>\n<p><strong>Do apartamentu przynale\u017c\u0105 2&nbsp;miejsca postojowe w&nbsp;hali gara\u017cowej oraz kom\u00f3rka lokatorska dodatkowo p\u0142atne 300 z\u0142 miesi\u0119cznie.<\/p>\n<p>Podsumowanie:<br \/><\/strong>&#8211; powierzchnia 61,40 m2<br \/>&#8211; funkcjonalny uk\u0142ad z&nbsp;wydzielon\u0105 cz\u0119\u015bci\u0105 kuchenn\u0105 i&nbsp;dwiema sypialniami,<br \/>&#8211; mieszkanie w&nbsp;bardzo dobrym stanie, gotowe do zamieszkania,<br \/>&#8211; \u015bwietna lokalizacja &#8211; centrum miasta, komunikacja miejska,<br \/>&#8211; czynsz najmu 5000 z\u0142 +&nbsp;2&nbsp;miejsca parkingowe w&nbsp;hali gara\u017cowej 300 z\u0142,<br \/>&#8211; kaucja 6000 z\u0142.<\/p>\n<p>Do czynszu najmu nale\u017cy doliczy\u0107 op\u0142aty eksploatacyjne (oko\u0142o 1400 z\u0142) plus pr\u0105d. TV i&nbsp;Internet we w\u0142asnym zakresie. Najem d\u0142ugoterminowy, okazjonalny.<\/p><\/div>\n<p><em>Niniejsze og\u0142oszenie nie stanowi oferty handlowej w&nbsp;rozumieniu art. 66 \u00a71 Kodeksu cywilnego i&nbsp;ma charakter wy\u0142\u0105cznie informacyjny. Wszelkie dane dotycz\u0105ce nieruchomo\u015bci uzyskano na podstawie o\u015bwiadcze\u0144 w\u0142a\u015bciciela. Prezentacja nieruchomo\u015bci odbywa si\u0119 na podstawie uprzedniego uzgodnienia terminu.<\/em><\/p>\n","protected":false},"author":2,"featured_media":234032,"parent":0,"menu_order":0,"template":"","property_status":[27],"property_market":[19],"property_type":[36],"property_transaction":[21],"location":[47,41,42],"class_list":["post-234065","property","type-property","status-publish","has-post-thumbnail","hentry"],"acf":[],"_links":{"self":[{"href":"https:\/\/invilla.pl\/en\/wp-json\/wp\/v2\/property\/234065","targetHints":{"allow":["GET"]}}],"collection":[{"href":"https:\/\/invilla.pl\/en\/wp-json\/wp\/v2\/property"}],"about":[{"href":"https:\/\/invilla.pl\/en\/wp-json\/wp\/v2\/types\/property"}],"author":[{"embeddable":true,"href":"https:\/\/invilla.pl\/en\/wp-json\/wp\/v2\/users\/2"}],"wp:featuredmedia":[{"embeddable":true,"href":"https:\/\/invilla.pl\/en\/wp-json\/wp\/v2\/media\/234032"}],"wp:attachment":[{"href":"https:\/\/invilla.pl\/en\/wp-json\/wp\/v2\/media?parent=234065"}],"wp:term":[{"taxonomy":"property_status","embeddable":true,"href":"https:\/\/invilla.pl\/en\/wp-json\/wp\/v2\/property_status?post=234065"},{"taxonomy":"property_market","embeddable":true,"href":"https:\/\/invilla.pl\/en\/wp-json\/wp\/v2\/property_market?post=234065"},{"taxonomy":"property_type","embeddable":true,"href":"https:\/\/invilla.pl\/en\/wp-json\/wp\/v2\/property_type?post=234065"},{"taxonomy":"property_transaction","embeddable":true,"href":"https:\/\/invilla.pl\/en\/wp-json\/wp\/v2\/property_transaction?post=234065"},{"taxonomy":"location","embeddable":true,"href":"https:\/\/invilla.pl\/en\/wp-json\/wp\/v2\/location?post=234065"}],"curies":[{"name":"wp","href":"https:\/\/api.w.org\/{rel}","templated":true}]}}

Apartment for rent, Gdańsk Stare Miasto, 61.40 m2, IN923852

<p><strong>INVILLA to nowoczesne biuro nieruchomości premium, które od lat z&nbsp;powodzeniem łączy ludzi z&nbsp;wyjątkowymi miejscami &#8211; z&nbsp;pasją, profesjonalizmem i&nbsp;pełnym zaangażowaniem.</strong></p>
<div style="text-align: justify"><strong>3-pokojowe mieszkanie położone w&nbsp;inwestycji AURA II, przy ul. Chmielnej w&nbsp;Gdańsku.</strong></p>
</div>
<div style="text-align: justify"><strong>Lokalizacja<br /></strong>W bezpośrednim sąsiedztwie realizacji znajdują się największe atrakcje gdańskiej Starówki, takie jak słynna ulica Długa, Złota i&nbsp;Zielona Brama, Żuraw, wybrzeże Motławy, marina jachtowa. Restauracje, kawiarnie, czy puby znajdują się w&nbsp;odległości spacerowej.</p>
<p><strong>Budynek</strong></div>
<div style="text-align: justify">Inwestycja Aura powstała nad brzegiem Motławy na Wyspie Spichrzów. Od Starówki dzieli ją zaledwie 8&nbsp;minut. Cały trzyetapowy projekt inwestycji został zaprojektowany wzorem renesansowego stylu architektury Starego Miasta. Ulica Chmielna stanowi główną drogę na Wyspie Spichrzów. W&nbsp;środkowej części biegnie pomiędzy odnowionymi spichlerzami.</p>
<p><strong>Mieszkanie</strong><br />Nieruchomość jest w&nbsp;pełni wyposażona i&nbsp;składa się z&nbsp;następujących pomieszczeń:<strong><br /></strong>&#8211; przestronny salon z&nbsp;aneksem kuchennym i&nbsp;wyjściem na 2&nbsp;balkony (jeden z&nbsp;widokiem na Motławę),<br />&#8211; 2&nbsp;sypialnie,<br />&#8211; łazienka z&nbsp;dużym prysznicem,<br />&#8211; przedpokój.</p>
<p>Miejsce idealnie nadające się dla aktywnych osób ceniących komfort mieszkania w&nbsp;centrum miasta, jednocześnie poza głównym zgiełkiem turystów.</p>
<p><strong>Do apartamentu przynależą 2&nbsp;miejsca postojowe w&nbsp;hali garażowej oraz komórka lokatorska dodatkowo płatne 300 zł miesięcznie.</p>
<p>Podsumowanie:<br /></strong>&#8211; powierzchnia 61,40 m2<br />&#8211; funkcjonalny układ z&nbsp;wydzieloną częścią kuchenną i&nbsp;dwiema sypialniami,<br />&#8211; mieszkanie w&nbsp;bardzo dobrym stanie, gotowe do zamieszkania,<br />&#8211; świetna lokalizacja &#8211; centrum miasta, komunikacja miejska,<br />&#8211; czynsz najmu 5000 zł +&nbsp;2&nbsp;miejsca parkingowe w&nbsp;hali garażowej 300 zł,<br />&#8211; kaucja 6000 zł.</p>
<p>Do czynszu najmu należy doliczyć opłaty eksploatacyjne (około 1400 zł) plus prąd. TV i&nbsp;Internet we własnym zakresie. Najem długoterminowy, okazjonalny.</p></div>
<p><em>Niniejsze ogłoszenie nie stanowi oferty handlowej w&nbsp;rozumieniu art. 66 §1 Kodeksu cywilnego i&nbsp;ma charakter wyłącznie informacyjny. Wszelkie dane dotyczące nieruchomości uzyskano na podstawie oświadczeń właściciela. Prezentacja nieruchomości odbywa się na podstawie uprzedniego uzgodnienia terminu.</em></p>
