{"id":249246,"date":"2026-08-28T10:23:44","date_gmt":"2026-08-28T08:23:44","guid":{"rendered":"https:\/\/invilla.pl\/oferty-nieruchomosci\/apartment-for-sale-rumia-60-80-m2-in773335\/"},"modified":"2026-08-28T10:23:44","modified_gmt":"2026-08-28T08:23:44","slug":"apartment-for-sale-rumia-60-80-m2-in773335","status":"publish","type":"property","link":"https:\/\/invilla.pl\/en\/property-offers\/apartment-for-sale-rumia-60-80-m2-in773335\/","title":{"rendered":"Apartment for sale, Rumia, 60.80 m2, IN773335"},"content":{"rendered":"<p><strong>\u00a0<\/strong><\/p>\n<p>Mieszkanie a&#8217;la dom szeregowy z&nbsp;bezpo\u015brednim wej\u015bciem z&nbsp;dworu &#8211;\u00a0 bez klatki schodowej, miejsce parkingowe pod drzwiami, osiedle ogrodzone, ogr\u00f3dek.<\/p>\n<p><strong>Lokalizacja:<\/strong><br \/>Rumia b\u0119d\u0105ca cz\u0119\u015bci\u0105 tzw. &#8220;Ma\u0142ego Tr\u00f3jmiasta&#8221; jest idealnym miejscem do \u017cycia. Wok\u00f3\u0142 osiedla jest wszystko czego potrzeba do codziennego funkcjonowania. Sklepy (Port Rumia), szko\u0142y (w tym nowobudowana, kt\u00f3ra niebawem rusza), przedszkola, \u017c\u0142obek, przychodnia. W&nbsp;niedalekiej przysz\u0142o\u015bci powstanie r\u00f3wnie\u017c przystanek SKM, co zwi\u0119kszy warto\u015b\u0107 nieruchomo\u015bci w&nbsp;tym rejonie.\u00a0<\/p>\n<p><strong>Budynek:<\/strong><br \/>Mieszkanie usytuowane jest w&nbsp;nietypowym budynku, kt\u00f3ry wygl\u0105da jak domy szeregowe, z&nbsp;czego parter jest osobnym mieszkaniem a&nbsp;pi\u0119tro osobnym. Wej\u015bcie do mieszkania jest bezpo\u015brednio z&nbsp;dworu, bez klatki schodowej. S\u0105siedzi z&nbsp;pierwszego pi\u0119tra maj\u0105 osobne wej\u015bcie.\u00a0<br \/>Mieszkanie znajduje si\u0119 w&nbsp;inwestycji Kocanki z&nbsp;2021roku. S\u0105 to dwa szeregi, w&nbsp;kt\u00f3rych znajduj\u0105 si\u0119 mieszkania. Wjazd na osiedle zabezpieczony jest szlabanem.<\/p>\n<p><strong>Wn\u0119trze:<\/strong><br \/>Mieszkanie sk\u0142ada si\u0119 z&nbsp;jasnego salonu z&nbsp;aneksem kuchennym oraz dw\u00f3ch sypialni oraz \u0142azienki. Dodatkowym plusem jest pomieszczenie gospodarcze, w&nbsp;kt\u00f3rym zrobiona jest pralnia oraz miejsce do przechowywania &#8211; z&nbsp;powodzeniem zast\u0119puje ono kom\u00f3rk\u0119 lokatorsk\u0105.<br \/>Mieszkanie jest w&nbsp;pe\u0142ni wyposa\u017cone i&nbsp;gotowe do zamieszkania. \u015aciany jedynie wymagaj\u0105 odmalowania. Na pod\u0142ogach jest tr\u00f3jwarstwowa deska, kt\u00f3r\u0105 w&nbsp;przysz\u0142o\u015bci mo\u017cna cyklinowa\u0107. W&nbsp;kuchni znajduje si\u0119 zabudowa ze sprz\u0119tem AGD, w&nbsp;sypialni du\u017ce \u0142\u00f3zko oraz szafa. Jest r\u00f3wnie\u017c pralka i&nbsp;suszarka.<br \/>W salonie znajduje si\u0119 wyj\u015bcie do ogr\u00f3dka, w&nbsp;kt\u00f3rym mo\u017cna si\u0119 zrelaksowa\u0107 po ci\u0119\u017ckim dniu.<br \/>Przed domem mamy miejsce parkingowe, dzi\u0119ki czemu ci\u0119\u017ckie rzeczy wnosimy bezpo\u015brednio do mieszkania. To idealne miejsce do \u017cycia dla rodziny.<\/p>\n<p><strong>Podsumowanie:<\/strong><\/p>\n<ul>\n<li>3 pokoje z&nbsp;ogr\u00f3dkiem, w&nbsp;pe\u0142ni wyposa\u017cone<\/li>\n<li>naziemne miejsce parkingowe tu\u017c pod domem<\/li>\n<li>wej\u015bcie do mieszkania bezpo\u015brednio z&nbsp;dworu<\/li>\n<li>pomieszczenie gospodarcze<\/li>\n<li>zabudowa szeregowa &#8211; brak klatki schodowej<\/li>\n<\/ul>\n<p><em>Niniejsze og\u0142oszenie nie stanowi oferty handlowej w&nbsp;rozumieniu art. 66 \u00a71 Kodeksu cywilnego i&nbsp;ma charakter wy\u0142\u0105cznie informacyjny. Wszelkie dane dotycz\u0105ce nieruchomo\u015bci uzyskano na podstawie o\u015bwiadcze\u0144 w\u0142a\u015bciciela. Prezentacja nieruchomo\u015bci odbywa si\u0119 na podstawie uprzedniego uzgodnienia terminu. Zapraszamy do kontaktu z&nbsp;opiekunem oferty lub biurem Invilla Nieruchomo\u015bci S.C. w&nbsp;celu zapoznania si\u0119 z&nbsp;warunkami wsp\u00f3\u0142pracy i&nbsp;informacjami dotycz\u0105cymi oferty.<\/em><\/p>\n","protected":false},"author":2,"featured_media":249223,"parent":0,"menu_order":0,"template":"","property_status":[27],"property_market":[19],"property_type":[36],"property_transaction":[25],"location":[41,42,146],"class_list":["post-249246","property","type-property","status-publish","has-post-thumbnail","hentry"],"acf":[],"_links":{"self":[{"href":"https:\/\/invilla.pl\/en\/wp-json\/wp\/v2\/property\/249246","targetHints":{"allow":["GET"]}}],"collection":[{"href":"https:\/\/invilla.pl\/en\/wp-json\/wp\/v2\/property"}],"about":[{"href":"https:\/\/invilla.pl\/en\/wp-json\/wp\/v2\/types\/property"}],"author":[{"embeddable":true,"href":"https:\/\/invilla.pl\/en\/wp-json\/wp\/v2\/users\/2"}],"wp:featuredmedia":[{"embeddable":true,"href":"https:\/\/invilla.pl\/en\/wp-json\/wp\/v2\/media\/249223"}],"wp:attachment":[{"href":"https:\/\/invilla.pl\/en\/wp-json\/wp\/v2\/media?parent=249246"}],"wp:term":[{"taxonomy":"property_status","embeddable":true,"href":"https:\/\/invilla.pl\/en\/wp-json\/wp\/v2\/property_status?post=249246"},{"taxonomy":"property_market","embeddable":true,"href":"https:\/\/invilla.pl\/en\/wp-json\/wp\/v2\/property_market?post=249246"},{"taxonomy":"property_type","embeddable":true,"href":"https:\/\/invilla.pl\/en\/wp-json\/wp\/v2\/property_type?post=249246"},{"taxonomy":"property_transaction","embeddable":true,"href":"https:\/\/invilla.pl\/en\/wp-json\/wp\/v2\/property_transaction?post=249246"},{"taxonomy":"location","embeddable":true,"href":"https:\/\/invilla.pl\/en\/wp-json\/wp\/v2\/location?post=249246"}],"curies":[{"name":"wp","href":"https:\/\/api.w.org\/{rel}","templated":true}]}}

<p><strong> </strong></p>
<p>Mieszkanie a&#8217;la dom szeregowy z&nbsp;bezpośrednim wejściem z&nbsp;dworu &#8211;  bez klatki schodowej, miejsce parkingowe pod drzwiami, osiedle ogrodzone, ogródek.</p>
<p><strong>Lokalizacja:</strong><br />Rumia będąca częścią tzw. &#8220;Małego Trójmiasta&#8221; jest idealnym miejscem do życia. Wokół osiedla jest wszystko czego potrzeba do codziennego funkcjonowania. Sklepy (Port Rumia), szkoły (w tym nowobudowana, która niebawem rusza), przedszkola, żłobek, przychodnia. W&nbsp;niedalekiej przyszłości powstanie również przystanek SKM, co zwiększy wartość nieruchomości w&nbsp;tym rejonie. </p>
<p><strong>Budynek:</strong><br />Mieszkanie usytuowane jest w&nbsp;nietypowym budynku, który wygląda jak domy szeregowe, z&nbsp;czego parter jest osobnym mieszkaniem a&nbsp;piętro osobnym. Wejście do mieszkania jest bezpośrednio z&nbsp;dworu, bez klatki schodowej. Sąsiedzi z&nbsp;pierwszego piętra mają osobne wejście. <br />Mieszkanie znajduje się w&nbsp;inwestycji Kocanki z&nbsp;2021roku. Są to dwa szeregi, w&nbsp;których znajdują się mieszkania. Wjazd na osiedle zabezpieczony jest szlabanem.</p>
<p><strong>Wnętrze:</strong><br />Mieszkanie składa się z&nbsp;jasnego salonu z&nbsp;aneksem kuchennym oraz dwóch sypialni oraz łazienki. Dodatkowym plusem jest pomieszczenie gospodarcze, w&nbsp;którym zrobiona jest pralnia oraz miejsce do przechowywania &#8211; z&nbsp;powodzeniem zastępuje ono komórkę lokatorską.<br />Mieszkanie jest w&nbsp;pełni wyposażone i&nbsp;gotowe do zamieszkania. Ściany jedynie wymagają odmalowania. Na podłogach jest trójwarstwowa deska, którą w&nbsp;przyszłości można cyklinować. W&nbsp;kuchni znajduje się zabudowa ze sprzętem AGD, w&nbsp;sypialni duże łózko oraz szafa. Jest również pralka i&nbsp;suszarka.<br />W salonie znajduje się wyjście do ogródka, w&nbsp;którym można się zrelaksować po ciężkim dniu.<br />Przed domem mamy miejsce parkingowe, dzięki czemu ciężkie rzeczy wnosimy bezpośrednio do mieszkania. To idealne miejsce do życia dla rodziny.</p>
<p><strong>Podsumowanie:</strong></p>
<ul>
<li>3 pokoje z&nbsp;ogródkiem, w&nbsp;pełni wyposażone</li>
<li>naziemne miejsce parkingowe tuż pod domem</li>
<li>wejście do mieszkania bezpośrednio z&nbsp;dworu</li>
<li>pomieszczenie gospodarcze</li>
<li>zabudowa szeregowa &#8211; brak klatki schodowej</li>
</ul>
<p><em>Niniejsze ogłoszenie nie stanowi oferty handlowej w&nbsp;rozumieniu art. 66 §1 Kodeksu cywilnego i&nbsp;ma charakter wyłącznie informacyjny. Wszelkie dane dotyczące nieruchomości uzyskano na podstawie oświadczeń właściciela. Prezentacja nieruchomości odbywa się na podstawie uprzedniego uzgodnienia terminu. Zapraszamy do kontaktu z&nbsp;opiekunem oferty lub biurem Invilla Nieruchomości S.C. w&nbsp;celu zapoznania się z&nbsp;warunkami współpracy i&nbsp;informacjami dotyczącymi oferty.</em></p>
