{"id":249920,"date":"2026-09-04T09:23:06","date_gmt":"2026-09-04T07:23:06","guid":{"rendered":"https:\/\/invilla.pl\/oferty-nieruchomosci\/commercial-space-for-rent-gdansk-chelm-130-00-m2-in832462\/"},"modified":"2026-09-04T09:23:06","modified_gmt":"2026-09-04T07:23:06","slug":"commercial-space-for-rent-gdansk-chelm-130-00-m2-in832462","status":"publish","type":"property","link":"https:\/\/invilla.pl\/en\/property-offers\/commercial-space-for-rent-gdansk-chelm-130-00-m2-in832462\/","title":{"rendered":"Commercial space for rent, Gda\u0144sk Che\u0142m, 130.00 m2, IN832462"},"content":{"rendered":"<p><strong>\u00a0<\/strong><\/p>\n<p>Do wynaj\u0119cia <strong>lokal handlowo &#8211; us\u0142ugowy o&nbsp;powierzchni ok 130 m2<\/strong> w&nbsp;modnym Pasa\u017cu Che\u0142mskim w&nbsp;Gda\u0144sku. Obiekt zlokalizowany jest w&nbsp;centrum osiedla<strong> Gda\u0144sk-Che\u0142m.<\/strong> Jest to kompleks handlowy na \u015bwie\u017cym powietrzu mieszcz\u0105cy ok. 90 lokalnych sklep\u00f3w, punkt\u00f3w us\u0142ugowych i&nbsp;restauracji.<\/p>\n<p><strong>Lokal<\/strong><br \/>Lokal znajduje si\u0119 na niskim parterze pasa\u017cu, posiada okna z&nbsp;miejscem na szyld a&nbsp;wej\u015bcie do niego odbywa si\u0119 po schodach w&nbsp;d\u00f3\u0142. Obiekt podzielony na strefy- w&nbsp;wi\u0119kszo\u015bci open space z&nbsp;\u0142azienk\u0105.<br \/>Miejsca parkingowe dla klient\u00f3w s\u0105 og\u00f3lnodost\u0119pne przed obiektem.<\/p>\n<p>Lokal idealny na sklep, biuro, serwis, pracowni\u0119, magazyn oraz inne us\u0142ugi.<\/p>\n<p><strong>Podsumowanie<\/strong><\/p>\n<ul>\n<li>Kwota wynajmu wynosi 3&nbsp;400 PLN netto miesi\u0119cznie.<\/li>\n<li>Do ceny najmu nale\u017cy doliczy\u0107 op\u0142aty.<\/li>\n<li>Wymagana kaucja zwrotna.<\/li>\n<li>Lokal dost\u0119pny, zapraszam.<\/li>\n<\/ul>\n<p><em>Niniejsze og\u0142oszenie nie stanowi oferty handlowej w&nbsp;rozumieniu art. 66 \u00a71 Kodeksu cywilnego i&nbsp;ma charakter wy\u0142\u0105cznie informacyjny. Wszelkie dane dotycz\u0105ce nieruchomo\u015bci uzyskano na podstawie o\u015bwiadcze\u0144 w\u0142a\u015bciciela. Prezentacja nieruchomo\u015bci odbywa si\u0119 na podstawie uprzedniego uzgodnienia terminu. Zapraszamy do kontaktu z&nbsp;opiekunem oferty lub biurem Invilla Nieruchomo\u015bci S.C. w&nbsp;celu zapoznania si\u0119 z&nbsp;warunkami wsp\u00f3\u0142pracy i&nbsp;informacjami dotycz\u0105cymi oferty.<\/em><\/p>\n","protected":false},"author":2,"featured_media":249915,"parent":0,"menu_order":0,"template":"","property_status":[27],"property_market":[19],"property_type":[31],"property_transaction":[21],"location":[47,41,42],"class_list":["post-249920","property","type-property","status-publish","has-post-thumbnail","hentry"],"acf":[],"_links":{"self":[{"href":"https:\/\/invilla.pl\/en\/wp-json\/wp\/v2\/property\/249920","targetHints":{"allow":["GET"]}}],"collection":[{"href":"https:\/\/invilla.pl\/en\/wp-json\/wp\/v2\/property"}],"about":[{"href":"https:\/\/invilla.pl\/en\/wp-json\/wp\/v2\/types\/property"}],"author":[{"embeddable":true,"href":"https:\/\/invilla.pl\/en\/wp-json\/wp\/v2\/users\/2"}],"wp:featuredmedia":[{"embeddable":true,"href":"https:\/\/invilla.pl\/en\/wp-json\/wp\/v2\/media\/249915"}],"wp:attachment":[{"href":"https:\/\/invilla.pl\/en\/wp-json\/wp\/v2\/media?parent=249920"}],"wp:term":[{"taxonomy":"property_status","embeddable":true,"href":"https:\/\/invilla.pl\/en\/wp-json\/wp\/v2\/property_status?post=249920"},{"taxonomy":"property_market","embeddable":true,"href":"https:\/\/invilla.pl\/en\/wp-json\/wp\/v2\/property_market?post=249920"},{"taxonomy":"property_type","embeddable":true,"href":"https:\/\/invilla.pl\/en\/wp-json\/wp\/v2\/property_type?post=249920"},{"taxonomy":"property_transaction","embeddable":true,"href":"https:\/\/invilla.pl\/en\/wp-json\/wp\/v2\/property_transaction?post=249920"},{"taxonomy":"location","embeddable":true,"href":"https:\/\/invilla.pl\/en\/wp-json\/wp\/v2\/location?post=249920"}],"curies":[{"name":"wp","href":"https:\/\/api.w.org\/{rel}","templated":true}]}}

Commercial space for rent, Gdańsk Chełm, 130.00 m2, IN832462

<p><strong> </strong></p>
<p>Do wynajęcia <strong>lokal handlowo &#8211; usługowy o&nbsp;powierzchni ok 130 m2</strong> w&nbsp;modnym Pasażu Chełmskim w&nbsp;Gdańsku. Obiekt zlokalizowany jest w&nbsp;centrum osiedla<strong> Gdańsk-Chełm.</strong> Jest to kompleks handlowy na świeżym powietrzu mieszczący ok. 90 lokalnych sklepów, punktów usługowych i&nbsp;restauracji.</p>
<p><strong>Lokal</strong><br />Lokal znajduje się na niskim parterze pasażu, posiada okna z&nbsp;miejscem na szyld a&nbsp;wejście do niego odbywa się po schodach w&nbsp;dół. Obiekt podzielony na strefy- w&nbsp;większości open space z&nbsp;łazienką.<br />Miejsca parkingowe dla klientów są ogólnodostępne przed obiektem.</p>
<p>Lokal idealny na sklep, biuro, serwis, pracownię, magazyn oraz inne usługi.</p>
<p><strong>Podsumowanie</strong></p>
<ul>
<li>Kwota wynajmu wynosi 3&nbsp;400 PLN netto miesięcznie.</li>
<li>Do ceny najmu należy doliczyć opłaty.</li>
<li>Wymagana kaucja zwrotna.</li>
<li>Lokal dostępny, zapraszam.</li>
</ul>
<p><em>Niniejsze ogłoszenie nie stanowi oferty handlowej w&nbsp;rozumieniu art. 66 §1 Kodeksu cywilnego i&nbsp;ma charakter wyłącznie informacyjny. Wszelkie dane dotyczące nieruchomości uzyskano na podstawie oświadczeń właściciela. Prezentacja nieruchomości odbywa się na podstawie uprzedniego uzgodnienia terminu. Zapraszamy do kontaktu z&nbsp;opiekunem oferty lub biurem Invilla Nieruchomości S.C. w&nbsp;celu zapoznania się z&nbsp;warunkami współpracy i&nbsp;informacjami dotyczącymi oferty.</em></p>
